CRAN Package Check Results for Package simest

Last updated on 2022-12-04 01:53:24 CET.

Flavor Version Tinstall Tcheck Ttotal Status Flags
r-devel-linux-x86_64-debian-clang 0.4 13.38 93.67 107.05 NOTE
r-devel-linux-x86_64-debian-gcc 0.4 9.67 72.11 81.78 NOTE
r-devel-linux-x86_64-fedora-clang 0.4 143.26 NOTE
r-devel-linux-x86_64-fedora-gcc 0.4 139.36 NOTE
r-devel-windows-x86_64 0.4 31.00 117.00 148.00 NOTE
r-patched-linux-x86_64 0.4 18.35 88.75 107.10 NOTE
r-release-linux-x86_64 0.4 12.48 89.43 101.91 NOTE
r-release-macos-arm64 0.4 52.00 NOTE
r-release-macos-x86_64 0.4 52.00 NOTE
r-release-windows-x86_64 0.4 23.00 123.00 146.00 NOTE
r-oldrel-macos-arm64 0.4 44.00 NOTE
r-oldrel-macos-x86_64 0.4 78.00 NOTE
r-oldrel-windows-ix86+x86_64 0.4 30.00 145.00 175.00 NOTE

Check Details

Version: 0.4
Check: LazyData
Result: NOTE
     'LazyData' is specified without a 'data' directory
Flavors: r-devel-linux-x86_64-debian-clang, r-devel-linux-x86_64-debian-gcc, r-devel-linux-x86_64-fedora-clang, r-devel-linux-x86_64-fedora-gcc, r-devel-windows-x86_64, r-patched-linux-x86_64, r-release-linux-x86_64, r-release-macos-arm64, r-release-macos-x86_64, r-release-windows-x86_64, r-oldrel-macos-arm64, r-oldrel-macos-x86_64, r-oldrel-windows-ix86+x86_64