CRAN Package Check Results for Package simglm

Last updated on 2020-06-02 01:55:44 CEST.

Flavor Version Tinstall Tcheck Ttotal Status Flags
r-devel-linux-x86_64-debian-clang 0.7.4 13.55 307.32 320.87 ERROR
r-devel-linux-x86_64-debian-gcc 0.7.4 12.42 250.73 263.15 ERROR
r-devel-linux-x86_64-fedora-clang 0.7.4 412.95 ERROR
r-devel-linux-x86_64-fedora-gcc 0.7.4 427.59 ERROR
r-devel-windows-ix86+x86_64 0.7.4 36.00 362.00 398.00 OK
r-patched-linux-x86_64 0.7.4 14.04 329.19 343.23 ERROR
r-patched-solaris-x86 0.7.4 531.70 ERROR
r-release-linux-x86_64 0.7.4 13.69 329.30 342.99 ERROR
r-release-osx-x86_64 0.7.4 OK
r-release-windows-ix86+x86_64 0.7.4 26.00 301.00 327.00 ERROR
r-oldrel-osx-x86_64 0.7.4 OK
r-oldrel-windows-ix86+x86_64 0.7.4 24.00 339.00 363.00 OK

Check Details

Version: 0.7.4
Check: tests
Result: ERROR
     Running 'testthat.R' [51s/54s]
    Running the tests in 'tests/testthat.R' failed.
    Complete output:
     > library(testthat)
     > library(simglm)
     >
     > test_check("simglm")
     -- 1. Failure: interupt TS (@test_knots.r#69) ---------------------------------
     table(temp_long$time_k) not equal to table(temp_long$time >= 3).
     Numeric: lengths (2, 0) differ
    
     -- 2. Failure: interupt TS (@test_knots.r#96) ---------------------------------
     table(temp_long$time_k) not equal to table(temp_long$time >= 3).
     Numeric: lengths (2, 0) differ
    
     == testthat results ===========================================================
     [ OK: 129 | SKIPPED: 0 | WARNINGS: 1 | FAILED: 2 ]
     1. Failure: interupt TS (@test_knots.r#69)
     2. Failure: interupt TS (@test_knots.r#96)
    
     Error: testthat unit tests failed
     Execution halted
Flavor: r-devel-linux-x86_64-debian-clang

Version: 0.7.4
Check: re-building of vignette outputs
Result: WARN
    Error(s) in re-building vignettes:
     ...
    --- re-building 'GeneralizedModels_legacy.Rmd' using rmarkdown
    --- finished re-building 'GeneralizedModels_legacy.Rmd'
    
    --- re-building 'Intro_legacy.Rmd' using rmarkdown
    --- finished re-building 'Intro_legacy.Rmd'
    
    --- re-building 'Power_legacy.Rmd' using rmarkdown
    --- finished re-building 'Power_legacy.Rmd'
    
    --- re-building 'simulation_arguments.Rmd' using rmarkdown
    Quitting from lines 111-116 (simulation_arguments.Rmd)
    Error: processing vignette 'simulation_arguments.Rmd' failed with diagnostics:
    object 'weight' not found
    --- failed re-building 'simulation_arguments.Rmd'
    
    --- re-building 'tidy_simulation.Rmd' using rmarkdown
    Quitting from lines 152-167 (tidy_simulation.Rmd)
    Error: processing vignette 'tidy_simulation.Rmd' failed with diagnostics:
    Can't subset columns that don't exist.
    x Columns `weight`, `age`, and `sex` don't exist.
    --- failed re-building 'tidy_simulation.Rmd'
    
    --- re-building 'unbalanced_legacy.Rmd' using rmarkdown
    --- finished re-building 'unbalanced_legacy.Rmd'
    
    SUMMARY: processing the following files failed:
     'simulation_arguments.Rmd' 'tidy_simulation.Rmd'
    
    Error: Vignette re-building failed.
    Execution halted
Flavor: r-devel-linux-x86_64-debian-clang

Version: 0.7.4
Check: tests
Result: ERROR
     Running ‘testthat.R’ [38s/57s]
    Running the tests in ‘tests/testthat.R’ failed.
    Complete output:
     > library(testthat)
     > library(simglm)
     >
     > test_check("simglm")
     ── 1. Failure: interupt TS (@test_knots.r#69) ─────────────────────────────────
     table(temp_long$time_k) not equal to table(temp_long$time >= 3).
     Numeric: lengths (2, 0) differ
    
     ── 2. Failure: interupt TS (@test_knots.r#96) ─────────────────────────────────
     table(temp_long$time_k) not equal to table(temp_long$time >= 3).
     Numeric: lengths (2, 0) differ
    
     ══ testthat results ═══════════════════════════════════════════════════════════
     [ OK: 129 | SKIPPED: 0 | WARNINGS: 1 | FAILED: 2 ]
     1. Failure: interupt TS (@test_knots.r#69)
     2. Failure: interupt TS (@test_knots.r#96)
    
     Error: testthat unit tests failed
     Execution halted
Flavor: r-devel-linux-x86_64-debian-gcc

Version: 0.7.4
Check: re-building of vignette outputs
Result: WARN
    Error(s) in re-building vignettes:
     ...
    --- re-building ‘GeneralizedModels_legacy.Rmd’ using rmarkdown
    --- finished re-building ‘GeneralizedModels_legacy.Rmd’
    
    --- re-building ‘Intro_legacy.Rmd’ using rmarkdown
    --- finished re-building ‘Intro_legacy.Rmd’
    
    --- re-building ‘Power_legacy.Rmd’ using rmarkdown
    --- finished re-building ‘Power_legacy.Rmd’
    
    --- re-building ‘simulation_arguments.Rmd’ using rmarkdown
    Quitting from lines 111-116 (simulation_arguments.Rmd)
    Error: processing vignette 'simulation_arguments.Rmd' failed with diagnostics:
    object ‘weight’ not found
    --- failed re-building ‘simulation_arguments.Rmd’
    
    --- re-building ‘tidy_simulation.Rmd’ using rmarkdown
    Quitting from lines 152-167 (tidy_simulation.Rmd)
    Error: processing vignette 'tidy_simulation.Rmd' failed with diagnostics:
    Can't subset columns that don't exist.
    ✖ Columns `weight`, `age`, and `sex` don't exist.
    --- failed re-building ‘tidy_simulation.Rmd’
    
    --- re-building ‘unbalanced_legacy.Rmd’ using rmarkdown
    --- finished re-building ‘unbalanced_legacy.Rmd’
    
    SUMMARY: processing the following files failed:
     ‘simulation_arguments.Rmd’ ‘tidy_simulation.Rmd’
    
    Error: Vignette re-building failed.
    Execution halted
Flavors: r-devel-linux-x86_64-debian-gcc, r-patched-linux-x86_64, r-release-linux-x86_64

Version: 0.7.4
Check: tests
Result: ERROR
     Running ‘testthat.R’ [61s/150s]
    Running the tests in ‘tests/testthat.R’ failed.
    Complete output:
     > library(testthat)
     > library(simglm)
     >
     > test_check("simglm")
     ── 1. Failure: interupt TS (@test_knots.r#69) ─────────────────────────────────
     table(temp_long$time_k) not equal to table(temp_long$time >= 3).
     Numeric: lengths (2, 0) differ
    
     ── 2. Failure: interupt TS (@test_knots.r#96) ─────────────────────────────────
     table(temp_long$time_k) not equal to table(temp_long$time >= 3).
     Numeric: lengths (2, 0) differ
    
     ══ testthat results ═══════════════════════════════════════════════════════════
     [ OK: 129 | SKIPPED: 0 | WARNINGS: 1 | FAILED: 2 ]
     1. Failure: interupt TS (@test_knots.r#69)
     2. Failure: interupt TS (@test_knots.r#96)
    
     Error: testthat unit tests failed
     Execution halted
Flavor: r-devel-linux-x86_64-fedora-clang

Version: 0.7.4
Check: re-building of vignette outputs
Result: WARN
    Error(s) in re-building vignettes:
    --- re-building ‘GeneralizedModels_legacy.Rmd’ using rmarkdown
    --- finished re-building ‘GeneralizedModels_legacy.Rmd’
    
    --- re-building ‘Intro_legacy.Rmd’ using rmarkdown
    --- finished re-building ‘Intro_legacy.Rmd’
    
    --- re-building ‘Power_legacy.Rmd’ using rmarkdown
    --- finished re-building ‘Power_legacy.Rmd’
    
    --- re-building ‘simulation_arguments.Rmd’ using rmarkdown
    Quitting from lines 111-116 (simulation_arguments.Rmd)
    Error: processing vignette 'simulation_arguments.Rmd' failed with diagnostics:
    object 'weight' not found
    --- failed re-building ‘simulation_arguments.Rmd’
    
    --- re-building ‘tidy_simulation.Rmd’ using rmarkdown
    Quitting from lines 152-167 (tidy_simulation.Rmd)
    Error: processing vignette 'tidy_simulation.Rmd' failed with diagnostics:
    Can't subset columns that don't exist.
    ✖ Columns `weight`, `age`, and `sex` don't exist.
    --- failed re-building ‘tidy_simulation.Rmd’
    
    --- re-building ‘unbalanced_legacy.Rmd’ using rmarkdown
    --- finished re-building ‘unbalanced_legacy.Rmd’
    
    SUMMARY: processing the following files failed:
     ‘simulation_arguments.Rmd’ ‘tidy_simulation.Rmd’
    
    Error: Vignette re-building failed.
    Execution halted
Flavors: r-devel-linux-x86_64-fedora-clang, r-devel-linux-x86_64-fedora-gcc

Version: 0.7.4
Check: tests
Result: ERROR
     Running ‘testthat.R’ [65s/178s]
    Running the tests in ‘tests/testthat.R’ failed.
    Complete output:
     > library(testthat)
     > library(simglm)
     >
     > test_check("simglm")
     ── 1. Failure: interupt TS (@test_knots.r#69) ─────────────────────────────────
     table(temp_long$time_k) not equal to table(temp_long$time >= 3).
     Numeric: lengths (2, 0) differ
    
     ── 2. Failure: interupt TS (@test_knots.r#96) ─────────────────────────────────
     table(temp_long$time_k) not equal to table(temp_long$time >= 3).
     Numeric: lengths (2, 0) differ
    
     ══ testthat results ═══════════════════════════════════════════════════════════
     [ OK: 129 | SKIPPED: 0 | WARNINGS: 1 | FAILED: 2 ]
     1. Failure: interupt TS (@test_knots.r#69)
     2. Failure: interupt TS (@test_knots.r#96)
    
     Error: testthat unit tests failed
     Execution halted
Flavor: r-devel-linux-x86_64-fedora-gcc

Version: 0.7.4
Check: tests
Result: ERROR
     Running ‘testthat.R’ [50s/54s]
    Running the tests in ‘tests/testthat.R’ failed.
    Complete output:
     > library(testthat)
     > library(simglm)
     >
     > test_check("simglm")
     ── 1. Failure: interupt TS (@test_knots.r#69) ─────────────────────────────────
     table(temp_long$time_k) not equal to table(temp_long$time >= 3).
     Numeric: lengths (2, 0) differ
    
     ── 2. Failure: interupt TS (@test_knots.r#96) ─────────────────────────────────
     table(temp_long$time_k) not equal to table(temp_long$time >= 3).
     Numeric: lengths (2, 0) differ
    
     ══ testthat results ═══════════════════════════════════════════════════════════
     [ OK: 129 | SKIPPED: 0 | WARNINGS: 1 | FAILED: 2 ]
     1. Failure: interupt TS (@test_knots.r#69)
     2. Failure: interupt TS (@test_knots.r#96)
    
     Error: testthat unit tests failed
     Execution halted
Flavor: r-patched-linux-x86_64

Version: 0.7.4
Check: tests
Result: ERROR
     Running ‘testthat.R’ [105s/122s]
    Running the tests in ‘tests/testthat.R’ failed.
    Complete output:
     > library(testthat)
     > library(simglm)
     >
     > test_check("simglm")
     ── 1. Failure: interupt TS (@test_knots.r#69) ─────────────────────────────────
     table(temp_long$time_k) not equal to table(temp_long$time >= 3).
     Numeric: lengths (2, 0) differ
    
     ── 2. Failure: interupt TS (@test_knots.r#96) ─────────────────────────────────
     table(temp_long$time_k) not equal to table(temp_long$time >= 3).
     Numeric: lengths (2, 0) differ
    
     ══ testthat results ═══════════════════════════════════════════════════════════
     [ OK: 129 | SKIPPED: 0 | WARNINGS: 1 | FAILED: 2 ]
     1. Failure: interupt TS (@test_knots.r#69)
     2. Failure: interupt TS (@test_knots.r#96)
    
     Error: testthat unit tests failed
     Execution halted
Flavor: r-patched-solaris-x86

Version: 0.7.4
Check: re-building of vignette outputs
Result: WARN
    Error(s) in re-building vignettes:
     ...
    --- re-building ‘GeneralizedModels_legacy.Rmd’ using rmarkdown
    Warning in engine$weave(file, quiet = quiet, encoding = enc) :
     Pandoc (>= 1.12.3) and/or pandoc-citeproc not available. Falling back to R Markdown v1.
    --- finished re-building ‘GeneralizedModels_legacy.Rmd’
    
    --- re-building ‘Intro_legacy.Rmd’ using rmarkdown
    Warning in engine$weave(file, quiet = quiet, encoding = enc) :
     Pandoc (>= 1.12.3) and/or pandoc-citeproc not available. Falling back to R Markdown v1.
    --- finished re-building ‘Intro_legacy.Rmd’
    
    --- re-building ‘Power_legacy.Rmd’ using rmarkdown
    Warning in engine$weave(file, quiet = quiet, encoding = enc) :
     Pandoc (>= 1.12.3) and/or pandoc-citeproc not available. Falling back to R Markdown v1.
    --- finished re-building ‘Power_legacy.Rmd’
    
    --- re-building ‘simulation_arguments.Rmd’ using rmarkdown
    Warning in engine$weave(file, quiet = quiet, encoding = enc) :
     Pandoc (>= 1.12.3) and/or pandoc-citeproc not available. Falling back to R Markdown v1.
    Quitting from lines 111-116 (simulation_arguments.Rmd)
    Error: processing vignette 'simulation_arguments.Rmd' failed with diagnostics:
    object 'weight' not found
    --- failed re-building ‘simulation_arguments.Rmd’
    
    --- re-building ‘tidy_simulation.Rmd’ using rmarkdown
    Warning in engine$weave(file, quiet = quiet, encoding = enc) :
     Pandoc (>= 1.12.3) and/or pandoc-citeproc not available. Falling back to R Markdown v1.
    Quitting from lines 152-167 (tidy_simulation.Rmd)
    Error: processing vignette 'tidy_simulation.Rmd' failed with diagnostics:
    Can't subset columns that don't exist.
    ✖ Columns `weight`, `age`, and `sex` don't exist.
    --- failed re-building ‘tidy_simulation.Rmd’
    
    --- re-building ‘unbalanced_legacy.Rmd’ using rmarkdown
    Warning in engine$weave(file, quiet = quiet, encoding = enc) :
     Pandoc (>= 1.12.3) and/or pandoc-citeproc not available. Falling back to R Markdown v1.
    --- finished re-building ‘unbalanced_legacy.Rmd’
    
    SUMMARY: processing the following files failed:
     ‘simulation_arguments.Rmd’ ‘tidy_simulation.Rmd’
    
    Error: Vignette re-building failed.
    Execution halted
Flavor: r-patched-solaris-x86

Version: 0.7.4
Check: tests
Result: ERROR
     Running ‘testthat.R’ [51s/56s]
    Running the tests in ‘tests/testthat.R’ failed.
    Complete output:
     > library(testthat)
     > library(simglm)
     >
     > test_check("simglm")
     ── 1. Failure: interupt TS (@test_knots.r#69) ─────────────────────────────────
     table(temp_long$time_k) not equal to table(temp_long$time >= 3).
     Numeric: lengths (2, 0) differ
    
     ── 2. Failure: interupt TS (@test_knots.r#96) ─────────────────────────────────
     table(temp_long$time_k) not equal to table(temp_long$time >= 3).
     Numeric: lengths (2, 0) differ
    
     ══ testthat results ═══════════════════════════════════════════════════════════
     [ OK: 129 | SKIPPED: 0 | WARNINGS: 1 | FAILED: 2 ]
     1. Failure: interupt TS (@test_knots.r#69)
     2. Failure: interupt TS (@test_knots.r#96)
    
     Error: testthat unit tests failed
     Execution halted
Flavor: r-release-linux-x86_64

Version: 0.7.4
Check: tests
Result: ERROR
     Running 'testthat.R' [53s]
    Running the tests in 'tests/testthat.R' failed.
    Complete output:
     > library(testthat)
     > library(simglm)
     >
     > test_check("simglm")
     -- 1. Failure: interupt TS (@test_knots.r#69) ---------------------------------
     table(temp_long$time_k) not equal to table(temp_long$time >= 3).
     Numeric: lengths (2, 0) differ
    
     -- 2. Failure: interupt TS (@test_knots.r#96) ---------------------------------
     table(temp_long$time_k) not equal to table(temp_long$time >= 3).
     Numeric: lengths (2, 0) differ
    
     == testthat results ===========================================================
     [ OK: 129 | SKIPPED: 0 | WARNINGS: 1 | FAILED: 2 ]
     1. Failure: interupt TS (@test_knots.r#69)
     2. Failure: interupt TS (@test_knots.r#96)
    
     Error: testthat unit tests failed
     Execution halted
Flavor: r-release-windows-ix86+x86_64

Version: 0.7.4
Check: re-building of vignette outputs
Result: WARN
    Error(s) in re-building vignettes:
    --- re-building 'GeneralizedModels_legacy.Rmd' using rmarkdown
    --- finished re-building 'GeneralizedModels_legacy.Rmd'
    
    --- re-building 'Intro_legacy.Rmd' using rmarkdown
    --- finished re-building 'Intro_legacy.Rmd'
    
    --- re-building 'Power_legacy.Rmd' using rmarkdown
    --- finished re-building 'Power_legacy.Rmd'
    
    --- re-building 'simulation_arguments.Rmd' using rmarkdown
    Quitting from lines 111-116 (simulation_arguments.Rmd)
    Error: processing vignette 'simulation_arguments.Rmd' failed with diagnostics:
    object 'weight' not found
    --- failed re-building 'simulation_arguments.Rmd'
    
    --- re-building 'tidy_simulation.Rmd' using rmarkdown
    Quitting from lines 152-167 (tidy_simulation.Rmd)
    Error: processing vignette 'tidy_simulation.Rmd' failed with diagnostics:
    Can't subset columns that don't exist.
    x Columns `weight`, `age`, and `sex` don't exist.
    --- failed re-building 'tidy_simulation.Rmd'
    
    --- re-building 'unbalanced_legacy.Rmd' using rmarkdown
    --- finished re-building 'unbalanced_legacy.Rmd'
    
    SUMMARY: processing the following files failed:
     'simulation_arguments.Rmd' 'tidy_simulation.Rmd'
    
    Error: Vignette re-building failed.
    Execution halted
Flavor: r-release-windows-ix86+x86_64