CRAN Package Check Results for Package simglm

Last updated on 2022-01-28 00:49:08 CET.

Flavor Version Tinstall Tcheck Ttotal Status Flags
r-devel-linux-x86_64-debian-clang 0.8.8 7.03 131.46 138.49 WARN
r-devel-linux-x86_64-debian-gcc 0.8.8 5.35 97.44 102.79 WARN
r-devel-linux-x86_64-fedora-clang 0.8.8 158.75 WARN
r-devel-linux-x86_64-fedora-gcc 0.8.8 148.52 WARN
r-devel-windows-x86_64-new-UL 0.8.8 42.00 159.00 201.00 WARN
r-devel-windows-x86_64-new-TK 0.8.8 WARN
r-patched-linux-x86_64 0.8.8 7.22 124.11 131.33 OK
r-release-linux-x86_64 0.8.8 4.02 124.41 128.43 OK
r-release-macos-arm64 0.8.8 NOTE
r-release-macos-x86_64 0.8.8 NOTE
r-release-windows-ix86+x86_64 0.8.8 16.00 152.00 168.00 OK
r-oldrel-macos-x86_64 0.8.8 NOTE
r-oldrel-windows-ix86+x86_64 0.8.8 16.00 157.00 173.00 OK

Check Details

Version: 0.8.8
Check: re-building of vignette outputs
Result: WARN
    Error(s) in re-building vignettes:
     ...
    --- re-building 'simulation_arguments.Rmd' using rmarkdown
    --- finished re-building 'simulation_arguments.Rmd'
    
    --- re-building 'tidy_simulation.Rmd' using rmarkdown
    Quitting from lines 439-459 (tidy_simulation.Rmd)
    Error: processing vignette 'tidy_simulation.Rmd' failed with diagnostics:
    invalid 'size' argument
    --- failed re-building 'tidy_simulation.Rmd'
    
    SUMMARY: processing the following file failed:
     'tidy_simulation.Rmd'
    
    Error: Vignette re-building failed.
    Execution halted
Flavors: r-devel-linux-x86_64-debian-clang, r-devel-linux-x86_64-debian-gcc

Version: 0.8.8
Check: dependencies in R code
Result: NOTE
    Namespace in Imports field not imported from: ‘Matrix’
     All declared Imports should be used.
Flavors: r-devel-linux-x86_64-fedora-clang, r-devel-linux-x86_64-fedora-gcc, r-devel-windows-x86_64-new-TK, r-release-macos-arm64, r-release-macos-x86_64, r-oldrel-macos-x86_64

Version: 0.8.8
Check: re-building of vignette outputs
Result: WARN
    Error(s) in re-building vignettes:
    --- re-building ‘simulation_arguments.Rmd’ using rmarkdown
    --- finished re-building ‘simulation_arguments.Rmd’
    
    --- re-building ‘tidy_simulation.Rmd’ using rmarkdown
    Quitting from lines 439-459 (tidy_simulation.Rmd)
    Error: processing vignette 'tidy_simulation.Rmd' failed with diagnostics:
    invalid 'size' argument
    --- failed re-building ‘tidy_simulation.Rmd’
    
    SUMMARY: processing the following file failed:
     ‘tidy_simulation.Rmd’
    
    Error: Vignette re-building failed.
    Execution halted
Flavors: r-devel-linux-x86_64-fedora-clang, r-devel-linux-x86_64-fedora-gcc, r-devel-windows-x86_64-new-UL, r-devel-windows-x86_64-new-TK

Version: 0.8.8
Check: package dependencies
Result: NOTE
    Package suggested but not available for checking: 'lme4'
Flavor: r-devel-windows-x86_64-new-TK