Last updated on 2021-03-03 01:48:57 CET.
Flavor | Version | Tinstall | Tcheck | Ttotal | Status | Flags |
---|---|---|---|---|---|---|
r-devel-linux-x86_64-debian-clang | 0.1.1 | OK | ||||
r-devel-linux-x86_64-debian-gcc | 0.1.1 | 3.84 | 104.76 | 108.60 | OK | |
r-devel-linux-x86_64-fedora-clang | 0.1.1 | 197.49 | NOTE | |||
r-devel-linux-x86_64-fedora-gcc | 0.1.1 | 170.06 | NOTE | |||
r-devel-windows-ix86+x86_64 | 0.1.1 | 9.00 | 230.00 | 239.00 | OK | |
r-patched-linux-x86_64 | 0.1.1 | 4.40 | 138.91 | 143.31 | OK | |
r-patched-solaris-x86 | 0.1.1 | 469.20 | NOTE | |||
r-release-linux-x86_64 | 0.1.1 | 3.38 | 137.72 | 141.10 | OK | |
r-release-macos-x86_64 | 0.1.1 | NOTE | ||||
r-release-windows-ix86+x86_64 | 0.1.1 | 10.00 | 202.00 | 212.00 | OK | |
r-oldrel-macos-x86_64 | 0.1.1 | NOTE | ||||
r-oldrel-windows-ix86+x86_64 | 0.1.1 | 10.00 | 248.00 | 258.00 | OK |
Version: 0.1.1
Check: dependencies in R code
Result: NOTE
Namespaces in Imports field not imported from:
‘future’ ‘magrittr’ ‘purrr’ ‘rlang’ ‘utils’
All declared Imports should be used.
Flavors: r-devel-linux-x86_64-fedora-clang, r-devel-linux-x86_64-fedora-gcc, r-patched-solaris-x86, r-release-macos-x86_64, r-oldrel-macos-x86_64