CRAN Package Check Results for Package simrel

Last updated on 2020-04-08 01:49:11 CEST.

Flavor Version Tinstall Tcheck Ttotal Status Flags
r-devel-linux-x86_64-debian-clang 2.0 10.42 88.60 99.02 ERROR
r-devel-linux-x86_64-debian-gcc 2.0 8.88 67.24 76.12 ERROR
r-devel-linux-x86_64-fedora-clang 2.0 118.41 ERROR
r-devel-linux-x86_64-fedora-gcc 2.0 112.79 ERROR
r-devel-windows-ix86+x86_64 2.0 23.00 177.00 200.00 ERROR
r-devel-windows-ix86+x86_64-gcc8 2.0 20.00 103.00 123.00 OK
r-patched-linux-x86_64 2.0 8.45 84.89 93.34 ERROR
r-patched-solaris-x86 2.0 179.70 ERROR
r-release-linux-x86_64 2.0 9.71 79.41 89.12 ERROR
r-release-windows-ix86+x86_64 2.0 39.00 153.00 192.00 ERROR
r-release-osx-x86_64 2.0 OK
r-oldrel-windows-ix86+x86_64 2.0 12.00 106.00 118.00 ERROR
r-oldrel-osx-x86_64 2.0 OK

Check Details

Version: 2.0
Check: tests
Result: ERROR
     Running 'testthat.R' [5s/7s]
    Running the tests in 'tests/testthat.R' failed.
    Complete output:
     > library(testthat)
     > library(simrel)
     >
     > test_check("simrel")
     -- 1. Error: Prepare Design (@test-utils.R#44) --------------------------------
     Can't join on 'q' x 'q' because of incompatible types (list / list)
     Backtrace:
     1. testthat::expect_identical(prepare_design(opts), dgn)
     3. testthat:::compare.default(act$val, exp$val)
     5. dplyr:::all.equal.tbl_df(x, y, ...)
     6. dplyr:::equal_data_frame(...)
    
     == testthat results ===========================================================
     [ OK: 169 | SKIPPED: 21 | WARNINGS: 3 | FAILED: 1 ]
     1. Error: Prepare Design (@test-utils.R#44)
    
     Error: testthat unit tests failed
     Execution halted
Flavor: r-devel-linux-x86_64-debian-clang

Version: 2.0
Check: tests
Result: ERROR
     Running ‘testthat.R’ [4s/7s]
    Running the tests in ‘tests/testthat.R’ failed.
    Complete output:
     > library(testthat)
     > library(simrel)
     >
     > test_check("simrel")
     ── 1. Error: Prepare Design (@test-utils.R#44) ────────────────────────────────
     Can't join on 'q' x 'q' because of incompatible types (list / list)
     Backtrace:
     1. testthat::expect_identical(prepare_design(opts), dgn)
     3. testthat:::compare.default(act$val, exp$val)
     5. dplyr:::all.equal.tbl_df(x, y, ...)
     6. dplyr:::equal_data_frame(...)
    
     ══ testthat results ═══════════════════════════════════════════════════════════
     [ OK: 169 | SKIPPED: 21 | WARNINGS: 3 | FAILED: 1 ]
     1. Error: Prepare Design (@test-utils.R#44)
    
     Error: testthat unit tests failed
     Execution halted
Flavor: r-devel-linux-x86_64-debian-gcc

Version: 2.0
Check: tests
Result: ERROR
     Running ‘testthat.R’ [6s/18s]
    Running the tests in ‘tests/testthat.R’ failed.
    Complete output:
     > library(testthat)
     > library(simrel)
     >
     > test_check("simrel")
     ── 1. Error: Prepare Design (@test-utils.R#44) ────────────────────────────────
     Can't join on 'q' x 'q' because of incompatible types (list / list)
     Backtrace:
     1. testthat::expect_identical(prepare_design(opts), dgn)
     3. testthat:::compare.default(act$val, exp$val)
     5. dplyr:::all.equal.tbl_df(x, y, ...)
     6. dplyr:::equal_data_frame(...)
    
     ══ testthat results ═══════════════════════════════════════════════════════════
     [ OK: 169 | SKIPPED: 21 | WARNINGS: 3 | FAILED: 1 ]
     1. Error: Prepare Design (@test-utils.R#44)
    
     Error: testthat unit tests failed
     Execution halted
Flavor: r-devel-linux-x86_64-fedora-clang

Version: 2.0
Check: tests
Result: ERROR
     Running ‘testthat.R’
    Running the tests in ‘tests/testthat.R’ failed.
    Complete output:
     > library(testthat)
     > library(simrel)
     >
     > test_check("simrel")
     ── 1. Error: Prepare Design (@test-utils.R#44) ────────────────────────────────
     Can't join on 'q' x 'q' because of incompatible types (list / list)
     Backtrace:
     1. testthat::expect_identical(prepare_design(opts), dgn)
     3. testthat:::compare.default(act$val, exp$val)
     5. dplyr:::all.equal.tbl_df(x, y, ...)
     6. dplyr:::equal_data_frame(...)
    
     ══ testthat results ═══════════════════════════════════════════════════════════
     [ OK: 169 | SKIPPED: 21 | WARNINGS: 3 | FAILED: 1 ]
     1. Error: Prepare Design (@test-utils.R#44)
    
     Error: testthat unit tests failed
     Execution halted
Flavor: r-devel-linux-x86_64-fedora-gcc

Version: 2.0
Check: tests
Result: ERROR
     Running 'testthat.R' [10s]
    Running the tests in 'tests/testthat.R' failed.
    Complete output:
     > library(testthat)
     > library(simrel)
     >
     > test_check("simrel")
     -- 1. Error: Prepare Design (@test-utils.R#44) --------------------------------
     Can't join on 'q' x 'q' because of incompatible types (list / list)
     Backtrace:
     1. testthat::expect_identical(prepare_design(opts), dgn)
     3. testthat:::compare.default(act$val, exp$val)
     5. dplyr:::all.equal.tbl_df(x, y, ...)
     6. dplyr:::equal_data_frame(...)
    
     == testthat results ===========================================================
     [ OK: 169 | SKIPPED: 21 | WARNINGS: 3 | FAILED: 1 ]
     1. Error: Prepare Design (@test-utils.R#44)
    
     Error: testthat unit tests failed
     Execution halted
Flavor: r-devel-windows-ix86+x86_64

Version: 2.0
Check: tests
Result: ERROR
     Running ‘testthat.R’ [5s/6s]
    Running the tests in ‘tests/testthat.R’ failed.
    Complete output:
     > library(testthat)
     > library(simrel)
     >
     > test_check("simrel")
     ── 1. Error: Prepare Design (@test-utils.R#44) ────────────────────────────────
     Can't join on 'q' x 'q' because of incompatible types (list / list)
     Backtrace:
     1. testthat::expect_identical(prepare_design(opts), dgn)
     3. testthat:::compare.default(act$val, exp$val)
     5. dplyr:::all.equal.tbl_df(x, y, ...)
     6. dplyr:::equal_data_frame(...)
    
     ══ testthat results ═══════════════════════════════════════════════════════════
     [ OK: 169 | SKIPPED: 21 | WARNINGS: 3 | FAILED: 1 ]
     1. Error: Prepare Design (@test-utils.R#44)
    
     Error: testthat unit tests failed
     Execution halted
Flavors: r-patched-linux-x86_64, r-release-linux-x86_64

Version: 2.0
Check: tests
Result: ERROR
     Running ‘testthat.R’ [9s/15s]
    Running the tests in ‘tests/testthat.R’ failed.
    Complete output:
     > library(testthat)
     > library(simrel)
     >
     > test_check("simrel")
     ── 1. Error: Prepare Design (@test-utils.R#44) ────────────────────────────────
     Can't join on 'q' x 'q' because of incompatible types (list / list)
     Backtrace:
     1. testthat::expect_identical(prepare_design(opts), dgn)
     3. testthat:::compare.default(act$val, exp$val)
     5. dplyr:::all.equal.tbl_df(x, y, ...)
     6. dplyr:::equal_data_frame(...)
    
     ══ testthat results ═══════════════════════════════════════════════════════════
     [ OK: 169 | SKIPPED: 21 | WARNINGS: 3 | FAILED: 1 ]
     1. Error: Prepare Design (@test-utils.R#44)
    
     Error: testthat unit tests failed
     Execution halted
Flavor: r-patched-solaris-x86

Version: 2.0
Check: tests
Result: ERROR
     Running 'testthat.R' [7s]
    Running the tests in 'tests/testthat.R' failed.
    Complete output:
     > library(testthat)
     > library(simrel)
     >
     > test_check("simrel")
     -- 1. Error: Prepare Design (@test-utils.R#44) --------------------------------
     Can't join on 'q' x 'q' because of incompatible types (list / list)
     Backtrace:
     1. testthat::expect_identical(prepare_design(opts), dgn)
     3. testthat:::compare.default(act$val, exp$val)
     5. dplyr:::all.equal.tbl_df(x, y, ...)
     6. dplyr:::equal_data_frame(...)
    
     == testthat results ===========================================================
     [ OK: 169 | SKIPPED: 21 | WARNINGS: 3 | FAILED: 1 ]
     1. Error: Prepare Design (@test-utils.R#44)
    
     Error: testthat unit tests failed
     Execution halted
Flavor: r-release-windows-ix86+x86_64

Version: 2.0
Check: tests
Result: ERROR
     Running 'testthat.R' [6s]
    Running the tests in 'tests/testthat.R' failed.
    Complete output:
     > library(testthat)
     > library(simrel)
     >
     > test_check("simrel")
     -- 1. Error: Prepare Design (@test-utils.R#44) --------------------------------
     Can't join on 'q' x 'q' because of incompatible types (list / list)
     Backtrace:
     1. testthat::expect_identical(prepare_design(opts), dgn)
     3. testthat:::compare.default(act$val, exp$val)
     5. dplyr:::all.equal.tbl_df(x, y, ...)
     6. dplyr:::equal_data_frame(...)
    
     == testthat results ===========================================================
     [ OK: 169 | SKIPPED: 21 | WARNINGS: 3 | FAILED: 1 ]
     1. Error: Prepare Design (@test-utils.R#44)
    
     Error: testthat unit tests failed
     Execution halted
Flavor: r-oldrel-windows-ix86+x86_64