Last updated on 2023-11-28 07:53:18 CET.
Flavor | Version | Tinstall | Tcheck | Ttotal | Status | Flags |
---|---|---|---|---|---|---|
r-devel-linux-x86_64-debian-clang | 0.0.3 | 4.35 | 58.15 | 62.50 | OK | |
r-devel-linux-x86_64-debian-gcc | 0.0.3 | 3.63 | 44.20 | 47.83 | OK | |
r-devel-linux-x86_64-fedora-clang | 0.0.3 | 78.67 | OK | |||
r-devel-linux-x86_64-fedora-gcc | 0.0.3 | 85.91 | OK | |||
r-devel-windows-x86_64 | 0.0.3 | 5.00 | 79.00 | 84.00 | OK | |
r-patched-linux-x86_64 | 0.0.3 | 3.97 | 56.33 | 60.30 | OK | |
r-release-linux-x86_64 | 0.0.3 | 4.64 | 55.76 | 60.40 | OK | |
r-release-macos-arm64 | 0.0.3 | 40.00 | OK | |||
r-release-macos-x86_64 | 0.0.3 | 63.00 | OK | |||
r-release-windows-x86_64 | 0.0.3 | 6.00 | 88.00 | 94.00 | OK | |
r-oldrel-macos-arm64 | 0.0.3 | 26.00 | OK | |||
r-oldrel-macos-x86_64 | 0.0.3 | 40.00 | NOTE | |||
r-oldrel-windows-x86_64 | 0.0.3 | 7.00 | 92.00 | 99.00 | OK |
Version: 0.0.3
Check: package dependencies
Result: NOTE
Package suggested but not available for checking: ‘rjags’
Flavor: r-oldrel-macos-x86_64