Last updated on 2023-06-03 08:05:56 CEST.
Flavor | Version | Tinstall | Tcheck | Ttotal | Status | Flags |
---|---|---|---|---|---|---|
r-devel-linux-x86_64-debian-clang | 1.0.0 | 3.31 | 417.13 | 420.44 | NOTE | |
r-devel-linux-x86_64-debian-gcc | 1.0.0 | 2.15 | 288.55 | 290.70 | NOTE | |
r-devel-linux-x86_64-fedora-clang | 1.0.0 | 499.98 | NOTE | |||
r-devel-linux-x86_64-fedora-gcc | 1.0.0 | 498.76 | NOTE | |||
r-devel-windows-x86_64 | 1.0.0 | 3.00 | 259.00 | 262.00 | NOTE | |
r-patched-linux-x86_64 | 1.0.0 | NOTE | ||||
r-release-linux-x86_64 | 1.0.0 | 2.80 | 382.53 | 385.33 | NOTE | |
r-release-macos-arm64 | 1.0.0 | 121.00 | NOTE | |||
r-release-macos-x86_64 | 1.0.0 | 231.00 | NOTE | |||
r-release-windows-x86_64 | 1.0.0 | 3.00 | 359.00 | 362.00 | NOTE | |
r-oldrel-macos-arm64 | 1.0.0 | 110.00 | OK | |||
r-oldrel-macos-x86_64 | 1.0.0 | 139.00 | OK | |||
r-oldrel-windows-x86_64 | 1.0.0 | 5.00 | 352.00 | 357.00 | OK |
Version: 1.0.0
Check: package subdirectories
Result: NOTE
Problems with news in ‘NEWS.md’:
Cannot extract version info from the following section titles:
Version (Date)
Flavors: r-devel-linux-x86_64-debian-clang, r-devel-linux-x86_64-debian-gcc, r-devel-linux-x86_64-fedora-clang, r-devel-linux-x86_64-fedora-gcc, r-devel-windows-x86_64, r-patched-linux-x86_64, r-release-linux-x86_64, r-release-macos-arm64, r-release-macos-x86_64, r-release-windows-x86_64