CRAN Package Check Results for Package simtimer

Last updated on 2023-02-02 00:54:59 CET.

Flavor Version Tinstall Tcheck Ttotal Status Flags
r-devel-linux-x86_64-debian-clang 4.0.0 1.65 24.22 25.87 NOTE
r-devel-linux-x86_64-debian-gcc 4.0.0 1.51 19.15 20.66 NOTE
r-devel-linux-x86_64-fedora-clang 4.0.0 34.16 NOTE
r-devel-linux-x86_64-fedora-gcc 4.0.0 44.09 NOTE
r-patched-linux-x86_64 4.0.0 2.08 25.01 27.09 NOTE
r-release-linux-x86_64 4.0.0 1.80 25.18 26.98 NOTE
r-release-macos-arm64 4.0.0 16.00 NOTE
r-release-macos-x86_64 4.0.0 23.00 NOTE
r-release-windows-x86_64 4.0.0 14.00 58.00 72.00 NOTE
r-oldrel-macos-arm64 4.0.0 19.00 NOTE
r-oldrel-macos-x86_64 4.0.0 28.00 NOTE
r-oldrel-windows-ix86+x86_64 4.0.0 8.00 51.00 59.00 NOTE

Check Details

Version: 4.0.0
Check: LazyData
Result: NOTE
     'LazyData' is specified without a 'data' directory
Flavors: r-devel-linux-x86_64-debian-clang, r-devel-linux-x86_64-debian-gcc, r-devel-linux-x86_64-fedora-clang, r-devel-linux-x86_64-fedora-gcc, r-patched-linux-x86_64, r-release-linux-x86_64, r-release-macos-arm64, r-release-macos-x86_64, r-release-windows-x86_64, r-oldrel-macos-arm64, r-oldrel-macos-x86_64, r-oldrel-windows-ix86+x86_64