CRAN Package Check Results for Package simts

Last updated on 2020-08-09 01:48:41 CEST.

Flavor Version Tinstall Tcheck Ttotal Status Flags
r-devel-linux-x86_64-debian-clang 0.1.1 479.53 116.11 595.64 OK
r-devel-linux-x86_64-debian-gcc 0.1.1 368.71 86.24 454.95 OK
r-devel-linux-x86_64-fedora-clang 0.1.1 866.46 NOTE
r-devel-linux-x86_64-fedora-gcc 0.1.1 840.43 OK
r-devel-windows-ix86+x86_64 0.1.1 931.00 235.00 1166.00 NOTE
r-patched-linux-x86_64 0.1.1 388.05 112.01 500.06 OK
r-patched-solaris-x86 0.1.1 652.60 OK
r-release-linux-x86_64 0.1.1 393.08 114.64 507.72 OK
r-release-macos-x86_64 0.1.1 NOTE
r-release-windows-ix86+x86_64 0.1.1 1245.00 188.00 1433.00 NOTE
r-oldrel-macos-x86_64 0.1.1 NOTE
r-oldrel-windows-ix86+x86_64 0.1.1 868.00 191.00 1059.00 NOTE

Check Details

Version: 0.1.1
Check: installed package size
Result: NOTE
     installed size is 26.7Mb
     sub-directories of 1Mb or more:
     doc 2.1Mb
     libs 23.6Mb
Flavors: r-devel-linux-x86_64-fedora-clang, r-devel-windows-ix86+x86_64, r-release-macos-x86_64, r-release-windows-ix86+x86_64, r-oldrel-macos-x86_64, r-oldrel-windows-ix86+x86_64