CRAN Package Check Results for Package siqr

Last updated on 2024-07-18 07:50:59 CEST.

Flavor Version Tinstall Tcheck Ttotal Status Flags
r-devel-linux-x86_64-debian-clang 0.8.1 2.57 28.39 30.96 NOTE
r-devel-linux-x86_64-debian-gcc 0.8.1 1.35 21.07 22.42 NOTE
r-devel-linux-x86_64-fedora-clang 0.8.1 37.99 NOTE
r-devel-linux-x86_64-fedora-gcc 0.8.1 36.54 NOTE
r-devel-windows-x86_64 0.8.1 3.00 42.00 45.00 NOTE
r-patched-linux-x86_64 0.8.1 1.81 27.46 29.27 NOTE
r-release-linux-x86_64 0.8.1 1.90 27.01 28.91 NOTE
r-release-macos-arm64 0.8.1 18.00 NOTE
r-release-macos-x86_64 0.8.1 22.00 NOTE
r-release-windows-x86_64 0.8.1 3.00 44.00 47.00 NOTE
r-oldrel-macos-arm64 0.8.1 20.00 NOTE
r-oldrel-macos-x86_64 0.8.1 24.00 NOTE
r-oldrel-windows-x86_64 0.8.1 4.00 46.00 50.00 NOTE

Check Details

Version: 0.8.1
Check: package subdirectories
Result: NOTE Problems with news in ‘NEWS.md’: No news entries found. Flavors: r-devel-linux-x86_64-debian-clang, r-devel-linux-x86_64-debian-gcc, r-devel-linux-x86_64-fedora-clang, r-devel-linux-x86_64-fedora-gcc, r-devel-windows-x86_64, r-patched-linux-x86_64, r-release-linux-x86_64, r-release-macos-arm64, r-release-macos-x86_64, r-release-windows-x86_64, r-oldrel-macos-arm64, r-oldrel-macos-x86_64, r-oldrel-windows-x86_64