CRAN Package Check Results for Package sismonr

Last updated on 2021-06-22 01:49:32 CEST.

Flavor Version Tinstall Tcheck Ttotal Status Flags
r-devel-linux-x86_64-debian-clang 2.1.0 9.60 75.17 84.77 NOTE
r-devel-linux-x86_64-debian-gcc 2.1.0 6.67 55.98 62.65 NOTE
r-devel-linux-x86_64-fedora-clang 2.1.0 108.43 NOTE
r-devel-linux-x86_64-fedora-gcc 2.1.0 97.62 NOTE
r-devel-windows-x86_64 2.1.0 17.00 144.00 161.00 NOTE
r-devel-windows-x86_64-gcc10-UCRT 2.1.0 ERROR
r-patched-linux-x86_64 2.1.0 9.06 70.12 79.18 NOTE
r-patched-solaris-x86 2.1.0 134.50 NOTE
r-release-linux-x86_64 2.1.0 7.30 70.16 77.46 NOTE
r-release-macos-arm64 2.1.0 NOTE
r-release-macos-x86_64 2.1.0 NOTE
r-release-windows-ix86+x86_64 2.1.0 25.00 144.00 169.00 NOTE
r-oldrel-macos-x86_64 2.1.0 OK

Check Details

Version: 2.1.0
Check: LazyData
Result: NOTE
     'LazyData' is specified without a 'data' directory
Flavors: r-devel-linux-x86_64-debian-clang, r-devel-linux-x86_64-debian-gcc, r-devel-linux-x86_64-fedora-clang, r-devel-linux-x86_64-fedora-gcc, r-devel-windows-x86_64, r-patched-linux-x86_64, r-patched-solaris-x86, r-release-linux-x86_64, r-release-macos-arm64, r-release-macos-x86_64, r-release-windows-ix86+x86_64

Version: 2.1.0
Check: package dependencies
Result: ERROR
    Package required but not available: 'ggpubr'
    
    See section 'The DESCRIPTION file' in the 'Writing R Extensions'
    manual.
Flavor: r-devel-windows-x86_64-gcc10-UCRT