CRAN Package Check Results for Package skyscapeR

Last updated on 2023-03-21 06:51:47 CET.

Flavor Version Tinstall Tcheck Ttotal Status Flags
r-devel-linux-x86_64-debian-clang 1.0.0 OK
r-devel-linux-x86_64-debian-gcc 1.0.0 14.55 242.54 257.09 OK
r-devel-linux-x86_64-fedora-clang 1.0.0 423.99 NOTE
r-devel-linux-x86_64-fedora-gcc 1.0.0 422.61 NOTE
r-patched-linux-x86_64 1.0.0 13.01 300.47 313.48 OK
r-release-linux-x86_64 1.0.0 17.95 312.35 330.30 OK
r-release-macos-arm64 1.0.0 311.00 NOTE
r-release-macos-x86_64 1.0.0 398.00 NOTE
r-release-windows-x86_64 1.0.0 55.00 593.00 648.00 OK
r-oldrel-macos-arm64 1.0.0 278.00 NOTE
r-oldrel-macos-x86_64 1.0.0 351.00 NOTE
r-oldrel-windows-ix86+x86_64 1.0.0 39.00 596.00 635.00 OK

Check Details

Version: 1.0.0
Check: dependencies in R code
Result: NOTE
    Namespaces in Imports field not imported from:
     ‘numDeriv’ ‘png’
     All declared Imports should be used.
Flavors: r-devel-linux-x86_64-fedora-clang, r-devel-linux-x86_64-fedora-gcc, r-release-macos-arm64, r-release-macos-x86_64, r-oldrel-macos-arm64, r-oldrel-macos-x86_64