CRAN Package Check Results for Package slackr

Last updated on 2023-02-07 00:54:30 CET.

Flavor Version Tinstall Tcheck Ttotal Status Flags
r-devel-linux-x86_64-debian-clang 3.2.0 7.31 62.97 70.28 OK
r-devel-linux-x86_64-debian-gcc 3.2.0 5.06 46.70 51.76 OK
r-devel-linux-x86_64-fedora-clang 3.2.0 89.61 NOTE
r-devel-linux-x86_64-fedora-gcc 3.2.0 94.77 NOTE
r-devel-windows-x86_64 3.2.0 36.00 100.00 136.00 OK
r-patched-linux-x86_64 3.2.0 6.25 62.09 68.34 OK
r-release-linux-x86_64 3.2.0 6.44 60.55 66.99 OK
r-release-macos-arm64 3.2.0 30.00 NOTE
r-release-macos-x86_64 3.2.0 53.00 NOTE
r-release-windows-x86_64 3.2.0 12.00 106.00 118.00 OK
r-oldrel-macos-arm64 3.2.0 33.00 NOTE
r-oldrel-macos-x86_64 3.2.0 40.00 NOTE
r-oldrel-windows-ix86+x86_64 3.2.0 16.00 87.00 103.00 OK

Check Details

Version: 3.2.0
Check: dependencies in R code
Result: NOTE
    Namespace in Imports field not imported from: ‘methods’
     All declared Imports should be used.
Flavors: r-devel-linux-x86_64-fedora-clang, r-devel-linux-x86_64-fedora-gcc, r-release-macos-arm64, r-release-macos-x86_64, r-oldrel-macos-arm64, r-oldrel-macos-x86_64