CRAN Package Check Results for Package slgf

Last updated on 2022-08-15 02:53:55 CEST.

Flavor Version Tinstall Tcheck Ttotal Status Flags
r-devel-linux-x86_64-debian-clang 0.1.0 6.44 71.49 77.93 NOTE
r-devel-linux-x86_64-debian-gcc 0.1.0 4.81 52.55 57.36 NOTE
r-devel-linux-x86_64-fedora-clang 0.1.0 100.11 NOTE
r-devel-linux-x86_64-fedora-gcc 0.1.0 101.73 NOTE
r-devel-windows-x86_64 0.1.0 18.00 99.00 117.00 NOTE
r-patched-linux-x86_64 0.1.0 6.13 68.29 74.42 OK
r-release-linux-x86_64 0.1.0 3.48 67.76 71.24 OK
r-release-macos-arm64 0.1.0 37.00 OK
r-release-macos-x86_64 0.1.0 45.00 OK
r-release-windows-x86_64 0.1.0 16.00 98.00 114.00 OK
r-oldrel-macos-arm64 0.1.0 42.00 OK
r-oldrel-macos-x86_64 0.1.0 64.00 OK
r-oldrel-windows-ix86+x86_64 0.1.0 11.00 90.00 101.00 OK

Check Details

Version: 0.1.0
Check: Rd files
Result: NOTE
    checkRd: (-1) roadwear.Rd:26: Escaped LaTeX specials: \&
Flavors: r-devel-linux-x86_64-debian-clang, r-devel-linux-x86_64-debian-gcc, r-devel-linux-x86_64-fedora-clang, r-devel-linux-x86_64-fedora-gcc, r-devel-windows-x86_64