Last updated on 2023-12-09 08:49:57 CET.
Flavor | Version | Tinstall | Tcheck | Ttotal | Status | Flags |
---|---|---|---|---|---|---|
r-devel-linux-x86_64-debian-clang | 0.1.1 | 2.85 | 57.82 | 60.67 | NOTE | |
r-devel-linux-x86_64-debian-gcc | 0.1.1 | 2.41 | 42.99 | 45.40 | NOTE | |
r-devel-linux-x86_64-fedora-clang | 0.1.1 | 75.19 | OK | |||
r-devel-linux-x86_64-fedora-gcc | 0.1.1 | 84.57 | OK | |||
r-devel-windows-x86_64 | 0.1.1 | 3.00 | 92.00 | 95.00 | OK | |
r-patched-linux-x86_64 | 0.1.1 | 2.90 | 55.26 | 58.16 | OK | |
r-release-linux-x86_64 | 0.1.1 | 2.14 | 53.42 | 55.56 | OK | |
r-release-macos-arm64 | 0.1.1 | 36.00 | OK | |||
r-release-macos-x86_64 | 0.1.1 | 49.00 | OK | |||
r-release-windows-x86_64 | 0.1.1 | 4.00 | 73.00 | 77.00 | OK | |
r-oldrel-macos-arm64 | 0.1.1 | 29.00 | OK | |||
r-oldrel-macos-x86_64 | 0.1.1 | 37.00 | OK | |||
r-oldrel-windows-x86_64 | 0.1.1 | 4.00 | 76.00 | 80.00 | OK |
Version: 0.1.1
Check: Rd files
Result: NOTE
checkRd: (-1) fit_slim.Rd:24: Lost braces; missing escapes or markup?
24 | sum(x' V^{-1} (y - x beta)) = 0 as the covariance V tends from V[, , 1] +
| ^
Flavors: r-devel-linux-x86_64-debian-clang, r-devel-linux-x86_64-debian-gcc