CRAN Package Check Results for Package smapr

Last updated on 2021-11-29 00:48:42 CET.

Flavor Version Tinstall Tcheck Ttotal Status Flags
r-devel-linux-x86_64-debian-clang 0.2.1 NOTE
r-devel-linux-x86_64-debian-gcc 0.2.1 20.21 182.07 202.28 NOTE
r-devel-linux-x86_64-fedora-clang 0.2.1 314.02 NOTE
r-devel-linux-x86_64-fedora-gcc 0.2.1 310.75 NOTE
r-devel-windows-x86_64-new-UL 0.2.1 36.00 253.00 289.00 NOTE
r-devel-windows-x86_64-new-TK 0.2.1 NOTE
r-devel-windows-x86_64-old 0.2.1 26.00 257.00 283.00 NOTE
r-patched-linux-x86_64 0.2.1 25.34 222.87 248.21 NOTE
r-patched-solaris-x86 0.2.1 411.20 NOTE
r-release-linux-x86_64 0.2.1 22.38 223.86 246.24 NOTE
r-release-macos-arm64 0.2.1 NOTE
r-release-macos-x86_64 0.2.1 NOTE
r-release-windows-ix86+x86_64 0.2.1 53.00 176.00 229.00 NOTE
r-oldrel-macos-x86_64 0.2.1 OK
r-oldrel-windows-ix86+x86_64 0.2.1 47.00 259.00 306.00 OK

Check Details

Version: 0.2.1
Check: LazyData
Result: NOTE
     'LazyData' is specified without a 'data' directory
Flavors: r-devel-linux-x86_64-debian-clang, r-devel-linux-x86_64-debian-gcc, r-devel-linux-x86_64-fedora-clang, r-devel-linux-x86_64-fedora-gcc, r-devel-windows-x86_64-new-UL, r-devel-windows-x86_64-new-TK, r-devel-windows-x86_64-old, r-patched-linux-x86_64, r-patched-solaris-x86, r-release-linux-x86_64, r-release-macos-arm64, r-release-macos-x86_64, r-release-windows-ix86+x86_64