CRAN Package Check Results for Package smdocker

Last updated on 2023-11-29 07:52:26 CET.

Flavor Version Tinstall Tcheck Ttotal Status Flags
r-devel-linux-x86_64-debian-clang 0.1.4 3.66 41.64 45.30 NOTE
r-devel-linux-x86_64-debian-gcc 0.1.4 3.37 31.59 34.96 NOTE
r-devel-linux-x86_64-fedora-clang 0.1.4 56.18 OK
r-devel-linux-x86_64-fedora-gcc 0.1.4 54.83 OK
r-devel-windows-x86_64 0.1.4 4.00 56.00 60.00 OK
r-patched-linux-x86_64 0.1.4 3.96 40.50 44.46 OK
r-release-linux-x86_64 0.1.4 4.10 40.34 44.44 OK
r-release-macos-arm64 0.1.4 26.00 OK
r-release-macos-x86_64 0.1.4 38.00 OK
r-release-windows-x86_64 0.1.4 8.00 60.00 68.00 OK
r-oldrel-macos-arm64 0.1.4 31.00 OK
r-oldrel-macos-x86_64 0.1.4 44.00 OK
r-oldrel-windows-x86_64 0.1.4 7.00 80.00 87.00 OK

Check Details

Version: 0.1.4
Check: Rd files
Result: NOTE checkRd: (-1) smdocker_log.Rd:34: Lost braces in \itemize; meant \describe ? checkRd: (-1) smdocker_log.Rd:35-37: Lost braces in \itemize; meant \describe ? checkRd: (-1) smdocker_log.Rd:38: Lost braces in \itemize; meant \describe ? checkRd: (-1) smdocker_log.Rd:16: Lost braces in \itemize; meant \describe ? checkRd: (-1) smdocker_log.Rd:17: Lost braces in \itemize; meant \describe ? checkRd: (-1) smdocker_log.Rd:18: Lost braces in \itemize; meant \describe ? checkRd: (-1) smdocker_log.Rd:19: Lost braces in \itemize; meant \describe ? Flavors: r-devel-linux-x86_64-debian-clang, r-devel-linux-x86_64-debian-gcc