CRAN Package Check Results for Package smoof

Last updated on 2020-09-24 02:57:03 CEST.

Flavor Version Tinstall Tcheck Ttotal Status Flags
r-devel-linux-x86_64-debian-clang 1.6.0.2 84.57 105.29 189.86 NOTE
r-devel-linux-x86_64-debian-gcc 1.6.0.2 65.61 77.79 143.40 NOTE
r-devel-linux-x86_64-fedora-clang 1.6.0.2 266.32 NOTE
r-devel-linux-x86_64-fedora-gcc 1.6.0.2 245.51 NOTE
r-devel-windows-ix86+x86_64 1.6.0.2 262.00 169.00 431.00 NOTE
r-patched-linux-x86_64 1.6.0.2 68.57 97.61 166.18 NOTE
r-patched-solaris-x86 1.6.0.2 269.70 NOTE
r-release-linux-x86_64 1.6.0.2 68.73 96.56 165.29 NOTE
r-release-macos-x86_64 1.6.0.2 NOTE
r-release-windows-ix86+x86_64 1.6.0.2 206.00 180.00 386.00 NOTE
r-oldrel-macos-x86_64 1.6.0.2 OK
r-oldrel-windows-ix86+x86_64 1.6.0.2 138.00 173.00 311.00 NOTE

Check Details

Version: 1.6.0.2
Check: package dependencies
Result: NOTE
    Package suggested but not available for checking: 'rPython'
Flavors: r-devel-linux-x86_64-debian-clang, r-devel-linux-x86_64-debian-gcc, r-devel-linux-x86_64-fedora-clang, r-devel-linux-x86_64-fedora-gcc, r-devel-windows-ix86+x86_64, r-patched-linux-x86_64, r-patched-solaris-x86, r-release-linux-x86_64, r-release-macos-x86_64, r-release-windows-ix86+x86_64, r-oldrel-windows-ix86+x86_64