CRAN Package Check Results for Package smoof

Last updated on 2020-02-18 01:52:09 CET.

Flavor Version Tinstall Tcheck Ttotal Status Flags
r-devel-linux-x86_64-debian-clang 1.6.0.1 82.64 92.40 175.04 OK
r-devel-linux-x86_64-debian-gcc 1.6.0.1 55.92 68.17 124.09 OK
r-devel-linux-x86_64-fedora-clang 1.6.0.1 228.69 OK
r-devel-linux-x86_64-fedora-gcc 1.6.0.1 218.64 OK
r-devel-windows-ix86+x86_64 1.6.0.1 174.00 139.00 313.00 NOTE
r-devel-windows-ix86+x86_64-gcc8 1.6.0 245.00 139.00 384.00 NOTE
r-patched-linux-x86_64 1.6.0.1 60.74 80.89 141.63 OK
r-patched-solaris-x86 1.6.0.1 221.20 OK
r-release-linux-x86_64 1.6.0.1 64.20 79.67 143.87 OK
r-release-windows-ix86+x86_64 1.6.0.1 173.00 142.00 315.00 NOTE
r-release-osx-x86_64 1.6.0.1 OK
r-oldrel-windows-ix86+x86_64 1.6.0.1 122.00 138.00 260.00 NOTE
r-oldrel-osx-x86_64 1.6.0.1 OK

Check Details

Version: 1.6.0.1
Check: package dependencies
Result: NOTE
    Package suggested but not available for checking: 'rPython'
Flavors: r-devel-windows-ix86+x86_64, r-release-windows-ix86+x86_64, r-oldrel-windows-ix86+x86_64

Version: 1.6.0
Check: package dependencies
Result: NOTE
    Package suggested but not available for checking: 'rPython'
Flavor: r-devel-windows-ix86+x86_64-gcc8