Last updated on 2023-01-30 01:53:45 CET.
Flavor | Version | Tinstall | Tcheck | Ttotal | Status | Flags |
---|---|---|---|---|---|---|
r-devel-linux-x86_64-debian-clang | 3.2.0 | 219.72 | 550.58 | 770.30 | OK | |
r-devel-linux-x86_64-debian-gcc | 3.2.0 | 171.77 | 381.95 | 553.72 | NOTE | |
r-devel-linux-x86_64-fedora-clang | 3.2.0 | 957.62 | NOTE | |||
r-devel-linux-x86_64-fedora-gcc | 3.2.0 | 1017.22 | NOTE | |||
r-devel-windows-x86_64 | 3.2.0 | 203.00 | 222.00 | 425.00 | NOTE | --no-vignettes |
r-patched-linux-x86_64 | 3.2.0 | 164.91 | 508.39 | 673.30 | OK | |
r-release-linux-x86_64 | 3.2.0 | 152.26 | 499.23 | 651.49 | OK | |
r-release-macos-arm64 | 3.2.0 | 170.00 | NOTE | |||
r-release-macos-x86_64 | 3.2.0 | 290.00 | NOTE | |||
r-release-windows-x86_64 | 3.2.0 | 199.00 | 238.00 | 437.00 | NOTE | --no-vignettes |
r-oldrel-macos-arm64 | 3.2.0 | 180.00 | NOTE | |||
r-oldrel-macos-x86_64 | 3.2.0 | 297.00 | NOTE | |||
r-oldrel-windows-ix86+x86_64 | 3.2.0 | 469.00 | 362.00 | 831.00 | NOTE | --no-vignettes |
Version: 3.2.0
Check: C++ specification
Result: NOTE
Specified C++11: please update to current default of C++17
Flavors: r-devel-linux-x86_64-debian-gcc, r-devel-linux-x86_64-fedora-clang, r-devel-linux-x86_64-fedora-gcc
Version: 3.2.0
Check: installed package size
Result: NOTE
installed size is 6.0Mb
sub-directories of 1Mb or more:
R 1.3Mb
doc 3.3Mb
Flavors: r-devel-linux-x86_64-fedora-clang, r-release-macos-arm64, r-release-macos-x86_64, r-oldrel-macos-arm64, r-oldrel-macos-x86_64
Version: 3.2.0
Flags: --no-vignettes
Check: package dependencies
Result: NOTE
Package suggested but not available for checking: 'doMC'
Flavors: r-devel-windows-x86_64, r-release-windows-x86_64, r-oldrel-windows-ix86+x86_64
Version: 3.2.0
Flags: --no-vignettes
Check: C++ specification
Result: NOTE
Specified C++11: please update to current default of C++17
Flavor: r-devel-windows-x86_64
Version: 3.2.0
Flags: --no-vignettes
Check: installed package size
Result: NOTE
installed size is 6.7Mb
sub-directories of 1Mb or more:
R 1.3Mb
doc 3.3Mb
libs 1.7Mb
Flavors: r-devel-windows-x86_64, r-release-windows-x86_64, r-oldrel-windows-ix86+x86_64