CRAN Package Check Results for Package smoothAPC

Last updated on 2023-09-26 08:04:25 CEST.

Flavor Version Tinstall Tcheck Ttotal Status Flags
r-devel-linux-x86_64-debian-clang 0.3 11.32 129.77 141.09 NOTE
r-devel-linux-x86_64-debian-gcc 0.3 9.50 101.05 110.55 NOTE
r-devel-linux-x86_64-fedora-clang 0.3 179.15 NOTE
r-devel-linux-x86_64-fedora-gcc 0.3 174.05 NOTE
r-devel-windows-x86_64 0.3 13.00 118.00 131.00 NOTE
r-patched-linux-x86_64 0.3 7.78 128.10 135.88 NOTE
r-release-linux-x86_64 0.3 7.61 129.58 137.19 NOTE
r-release-macos-arm64 0.3 57.00 NOTE
r-release-macos-x86_64 0.3 87.00 NOTE
r-release-windows-x86_64 0.3 14.00 124.00 138.00 NOTE
r-oldrel-macos-arm64 0.3 68.00 NOTE
r-oldrel-macos-x86_64 0.3 66.00 NOTE
r-oldrel-windows-x86_64 0.3 15.00 137.00 152.00 NOTE

Check Details

Version: 0.3
Check: LazyData
Result: NOTE
     'LazyData' is specified without a 'data' directory
Flavors: r-devel-linux-x86_64-debian-clang, r-devel-linux-x86_64-debian-gcc, r-devel-linux-x86_64-fedora-clang, r-devel-linux-x86_64-fedora-gcc, r-devel-windows-x86_64, r-patched-linux-x86_64, r-release-linux-x86_64, r-release-macos-arm64, r-release-macos-x86_64, r-release-windows-x86_64, r-oldrel-macos-arm64, r-oldrel-macos-x86_64, r-oldrel-windows-x86_64

Version: 0.3
Check: dependencies in R code
Result: NOTE
    Namespaces in Imports field not imported from:
     ‘compiler’ ‘lmtest’
     All declared Imports should be used.
Flavors: r-devel-linux-x86_64-fedora-clang, r-devel-linux-x86_64-fedora-gcc, r-oldrel-macos-arm64, r-oldrel-macos-x86_64

Version: 0.3
Check: package dependencies
Result: NOTE
    Package suggested but not available for checking: ‘demography’
Flavor: r-release-macos-x86_64