CRAN Package Check Results for Package smpic

Last updated on 2020-04-02 01:53:26 CEST.

Flavor Version Tinstall Tcheck Ttotal Status Flags
r-devel-linux-x86_64-debian-clang 0.1.0 2.07 35.32 37.39 NOTE
r-devel-linux-x86_64-debian-gcc 0.1.0 1.83 27.22 29.05 NOTE
r-devel-linux-x86_64-fedora-clang 0.1.0 46.51 NOTE
r-devel-linux-x86_64-fedora-gcc 0.1.0 47.07 NOTE
r-devel-windows-ix86+x86_64 0.1.0 9.00 46.00 55.00 OK
r-devel-windows-ix86+x86_64-gcc8 0.1.0 8.00 50.00 58.00 OK
r-patched-linux-x86_64 0.1.0 1.96 33.72 35.68 NOTE
r-patched-solaris-x86 0.1.0 80.80 NOTE
r-release-linux-x86_64 0.1.0 1.68 32.61 34.29 OK
r-release-windows-ix86+x86_64 0.1.0 5.00 49.00 54.00 OK
r-release-osx-x86_64 0.1.0 OK
r-oldrel-windows-ix86+x86_64 0.1.0 4.00 73.00 77.00 OK
r-oldrel-osx-x86_64 0.1.0 OK

Check Details

Version: 0.1.0
Check: for non-standard things in the check directory
Result: NOTE
    Found the following files/directories:
     'my_new_social_media_plot.png'
Flavors: r-devel-linux-x86_64-debian-clang, r-devel-linux-x86_64-debian-gcc, r-devel-linux-x86_64-fedora-clang, r-devel-linux-x86_64-fedora-gcc, r-patched-linux-x86_64, r-patched-solaris-x86