Last updated on 2021-02-28 00:48:58 CET.
Flavor | Version | Tinstall | Tcheck | Ttotal | Status | Flags |
---|---|---|---|---|---|---|
r-devel-linux-x86_64-debian-clang | 1.6-2 | 15.59 | 123.47 | 139.06 | OK | |
r-devel-linux-x86_64-debian-gcc | 1.6-2 | 15.56 | 90.83 | 106.39 | OK | |
r-devel-linux-x86_64-fedora-clang | 1.6-2 | 189.20 | OK | |||
r-devel-linux-x86_64-fedora-gcc | 1.6-2 | 173.43 | OK | |||
r-devel-windows-ix86+x86_64 | 1.6-2 | 24.00 | 113.00 | 137.00 | OK | |
r-patched-linux-x86_64 | 1.6-2 | 13.50 | 116.52 | 130.02 | OK | |
r-patched-solaris-x86 | 1.6-2 | 201.00 | OK | |||
r-release-linux-x86_64 | 1.6-2 | 13.60 | 113.94 | 127.54 | OK | |
r-release-macos-x86_64 | 1.6-2 | OK | ||||
r-release-windows-ix86+x86_64 | 1.6-2 | 31.00 | 15.00 | 46.00 | ERROR | |
r-oldrel-macos-x86_64 | 1.6-2 | OK | ||||
r-oldrel-windows-ix86+x86_64 | 1.6-2 | 18.00 | 135.00 | 153.00 | OK |
Version: 1.6-2
Check: whether package can be installed
Result: ERROR
Installation failed.
Flavor: r-release-windows-ix86+x86_64