CRAN Package Check Results for Package sna

Last updated on 2020-06-03 01:50:59 CEST.

Flavor Version Tinstall Tcheck Ttotal Status Flags
r-devel-linux-x86_64-debian-clang 2.5 26.28 128.51 154.79 OK
r-devel-linux-x86_64-debian-gcc 2.5 21.73 94.89 116.62 OK
r-devel-linux-x86_64-fedora-clang 2.5 194.70 OK
r-devel-linux-x86_64-fedora-gcc 2.5 190.89 OK
r-devel-windows-ix86+x86_64 2.5 58.00 224.00 282.00 OK
r-patched-linux-x86_64 2.5 23.75 126.90 150.65 OK
r-patched-solaris-x86 2.5 234.50 OK
r-release-linux-x86_64 2.5 25.10 127.57 152.67 OK
r-release-osx-x86_64 2.5 OK
r-release-windows-ix86+x86_64 2.5 47.00 223.00 270.00 OK
r-oldrel-osx-x86_64 2.5 NOTE
r-oldrel-windows-ix86+x86_64 2.5 48.00 162.00 210.00 OK

Check Details

Version: 2.5
Check: dependencies in R code
Result: NOTE
    No protocol specified
Flavor: r-oldrel-osx-x86_64