CRAN Package Check Results for Package snakecase

Last updated on 2021-01-17 00:48:26 CET.

Flavor Version Tinstall Tcheck Ttotal Status Flags
r-devel-linux-x86_64-debian-clang 0.11.0 2.84 34.91 37.75 OK
r-devel-linux-x86_64-debian-gcc 0.11.0 2.20 28.09 30.29 OK
r-devel-linux-x86_64-fedora-clang 0.11.0 58.87 OK
r-devel-linux-x86_64-fedora-gcc 0.11.0 47.71 OK
r-devel-windows-ix86+x86_64 0.11.0 4.00 56.00 60.00 OK
r-patched-linux-x86_64 0.11.0 2.95 35.34 38.29 OK
r-patched-solaris-x86 0.11.0 80.20 OK
r-release-linux-x86_64 0.11.0 2.32 35.46 37.78 OK
r-release-macos-x86_64 0.11.0 OK
r-release-windows-ix86+x86_64 0.11.0 6.00 50.00 56.00 WARN
r-oldrel-macos-x86_64 0.11.0 OK
r-oldrel-windows-ix86+x86_64 0.11.0 5.00 43.00 48.00 OK

Check Details

Version: 0.11.0
Check: R files for syntax errors
Result: WARN
    Warnings in file 'R/replace_special_characters_internal.R':
     unable to translate '<U+00C4>' to native encoding
     unable to translate '<U+00D6>' to native encoding
     unable to translate '<U+00DC>' to native encoding
     unable to translate '<U+00E4>' to native encoding
     unable to translate '<U+00F6>' to native encoding
     unable to translate '<U+00FC>' to native encoding
     unable to translate '<U+00DF>' to native encoding
     unable to translate '<U+00C6>' to native encoding
     unable to translate '<U+00E6>' to native encoding
     unable to translate '<U+00D8>' to native encoding
     unable to translate '<U+00F8>' to native encoding
     unable to translate '<U+00C5>' to native encoding
     unable to translate '<U+00E5>' to native encoding
     unable to translate '<U+00C6>' to native encoding
     unable to translate '<U+00E6>' to native encoding
     unable to translate '<U+00D8>' to native encoding
     unable to translate '<U+00F8>' to native encoding
     unable to translate '<U+00C6>' to native encoding
     unable to translate '<U+00E6>' to native encoding
     unable to translate '<U+00D8>' to native encoding
     unable to translate '<U+00F8>' to native encoding
     unable to translate '<U+00C5>' to native encoding
     unable to translate '<U+00E5>' to native encoding
Flavor: r-release-windows-ix86+x86_64