CRAN Package Check Results for Package snfa

Last updated on 2020-07-11 02:09:34 CEST.

Flavor Version Tinstall Tcheck Ttotal Status Flags
r-devel-linux-x86_64-debian-clang 0.0.1 3.13 39.63 42.76 OK
r-devel-linux-x86_64-debian-gcc 0.0.1 2.01 29.60 31.61 OK
r-devel-linux-x86_64-fedora-clang 0.0.1 59.45 NOTE
r-devel-linux-x86_64-fedora-gcc 0.0.1 50.72 NOTE
r-devel-windows-ix86+x86_64 0.0.1 8.00 75.00 83.00 OK
r-patched-linux-x86_64 0.0.1 2.96 38.33 41.29 OK
r-patched-solaris-x86 0.0.1 77.70 NOTE
r-release-linux-x86_64 0.0.1 2.93 39.72 42.65 OK
r-release-osx-x86_64 0.0.1 NOTE
r-release-windows-ix86+x86_64 0.0.1 7.00 48.00 55.00 OK
r-oldrel-osx-x86_64 0.0.1 NOTE
r-oldrel-windows-ix86+x86_64 0.0.1 8.00 50.00 58.00 OK

Check Details

Version: 0.0.1
Check: dependencies in R code
Result: NOTE
    Namespaces in Imports field not imported from:
     ‘Rdpack’ ‘ggplot2’
     All declared Imports should be used.
Flavors: r-devel-linux-x86_64-fedora-clang, r-devel-linux-x86_64-fedora-gcc, r-patched-solaris-x86, r-release-osx-x86_64, r-oldrel-osx-x86_64