CRAN Package Check Results for Package snfa

Last updated on 2023-01-30 01:53:45 CET.

Flavor Version Tinstall Tcheck Ttotal Status Flags
r-devel-linux-x86_64-debian-clang 0.0.1 3.01 48.09 51.10 OK
r-devel-linux-x86_64-debian-gcc 0.0.1 1.78 34.19 35.97 OK
r-devel-linux-x86_64-fedora-clang 0.0.1 63.09 NOTE
r-devel-linux-x86_64-fedora-gcc 0.0.1 61.60 NOTE
r-devel-windows-x86_64 0.0.1 22.00 76.00 98.00 OK
r-patched-linux-x86_64 0.0.1 3.24 44.58 47.82 OK
r-release-linux-x86_64 0.0.1 2.23 45.58 47.81 OK
r-release-macos-arm64 0.0.1 20.00 NOTE
r-release-macos-x86_64 0.0.1 38.00 NOTE
r-release-windows-x86_64 0.0.1 16.00 75.00 91.00 OK
r-oldrel-macos-arm64 0.0.1 26.00 NOTE
r-oldrel-macos-x86_64 0.0.1 36.00 NOTE
r-oldrel-windows-ix86+x86_64 0.0.1 7.00 74.00 81.00 OK

Check Details

Version: 0.0.1
Check: dependencies in R code
Result: NOTE
    Namespaces in Imports field not imported from:
     ‘Rdpack’ ‘ggplot2’
     All declared Imports should be used.
Flavors: r-devel-linux-x86_64-fedora-clang, r-devel-linux-x86_64-fedora-gcc, r-release-macos-arm64, r-release-macos-x86_64, r-oldrel-macos-arm64, r-oldrel-macos-x86_64