CRAN Package Check Results for Package snow

Last updated on 2024-02-26 08:48:58 CET.

Flavor Version Tinstall Tcheck Ttotal Status Flags
r-devel-linux-x86_64-debian-clang 0.4-4 2.90 26.09 28.99 OK
r-devel-linux-x86_64-debian-gcc 0.4-4 2.11 20.37 22.48 OK
r-devel-linux-x86_64-fedora-clang 0.4-4 36.14 OK
r-devel-linux-x86_64-fedora-gcc 0.4-4 34.88 OK
r-devel-windows-x86_64 0.4-4 3.00 42.00 45.00 OK
r-patched-linux-x86_64 0.4-4 2.65 26.15 28.80 OK
r-release-linux-x86_64 0.4-4 2.56 26.04 28.60 OK
r-release-macos-arm64 0.4-4 16.00 NOTE
r-release-macos-x86_64 0.4-4 22.00 NOTE
r-release-windows-x86_64 0.4-4 3.00 47.00 50.00 OK
r-oldrel-macos-arm64 0.4-4 15.00 NOTE
r-oldrel-windows-x86_64 0.4-4 4.00 45.00 49.00 OK

Check Details

Version: 0.4-4
Check: package dependencies
Result: NOTE Package which this enhances but not available for checking: ‘Rmpi’ Flavors: r-release-macos-arm64, r-release-macos-x86_64, r-oldrel-macos-arm64