CRAN Package Check Results for Package soc.ca

Last updated on 2022-01-28 00:49:09 CET.

Flavor Version Tinstall Tcheck Ttotal Status Flags
r-devel-linux-x86_64-debian-clang 0.8.0 11.38 118.87 130.25 OK
r-devel-linux-x86_64-debian-gcc 0.8.0 8.52 87.40 95.92 OK
r-devel-linux-x86_64-fedora-clang 0.8.0 151.50 NOTE
r-devel-linux-x86_64-fedora-gcc 0.8.0 142.30 NOTE
r-devel-windows-x86_64-new-UL 0.8.0 38.00 140.00 178.00 OK
r-devel-windows-x86_64-new-TK 0.8.0 ERROR
r-patched-linux-x86_64 0.8.0 15.28 107.37 122.65 OK
r-release-linux-x86_64 0.8.0 9.61 109.17 118.78 OK
r-release-macos-arm64 0.8.0 NOTE
r-release-macos-x86_64 0.8.0 NOTE
r-release-windows-ix86+x86_64 0.8.0 25.00 144.00 169.00 OK
r-oldrel-macos-x86_64 0.8.0 NOTE
r-oldrel-windows-ix86+x86_64 0.8.0 23.00 137.00 160.00 OK

Check Details

Version: 0.8.0
Check: dependencies in R code
Result: NOTE
    Namespaces in Imports field not imported from:
     ‘FactoMineR’ ‘flextable’ ‘htmlTable’ ‘stringr’
     All declared Imports should be used.
Flavors: r-devel-linux-x86_64-fedora-clang, r-devel-linux-x86_64-fedora-gcc, r-release-macos-arm64, r-release-macos-x86_64, r-oldrel-macos-x86_64

Version: 0.8.0
Check: data for non-ASCII characters
Result: NOTE
     Note: found 938 marked UTF-8 strings
Flavors: r-devel-linux-x86_64-fedora-clang, r-devel-linux-x86_64-fedora-gcc, r-release-macos-arm64, r-release-macos-x86_64, r-oldrel-macos-x86_64

Version: 0.8.0
Check: package dependencies
Result: ERROR
    Package required but not available: 'FactoMineR'
    
    See section 'The DESCRIPTION file' in the 'Writing R Extensions'
    manual.
Flavor: r-devel-windows-x86_64-new-TK