Last updated on 2022-06-30 01:49:20 CEST.
Flavor | Version | Tinstall | Tcheck | Ttotal | Status | Flags |
---|---|---|---|---|---|---|
r-devel-linux-x86_64-debian-clang | 0.8.0 | 11.69 | 120.21 | 131.90 | OK | |
r-devel-linux-x86_64-debian-gcc | 0.8.0 | 9.34 | 84.92 | 94.26 | OK | |
r-devel-linux-x86_64-fedora-clang | 0.8.0 | 161.88 | NOTE | |||
r-devel-linux-x86_64-fedora-gcc | 0.8.0 | 156.62 | NOTE | |||
r-devel-windows-x86_64 | 0.8.0 | 34.00 | 153.00 | 187.00 | OK | |
r-patched-linux-x86_64 | 0.8.0 | 18.58 | 110.32 | 128.90 | OK | |
r-release-linux-x86_64 | 0.8.0 | 11.39 | 109.49 | 120.88 | OK | |
r-release-macos-arm64 | 0.8.0 | 40.00 | NOTE | |||
r-release-macos-x86_64 | 0.8.0 | 78.00 | NOTE | |||
r-release-windows-x86_64 | 0.8.0 | 40.00 | 149.00 | 189.00 | OK | |
r-oldrel-macos-arm64 | 0.8.0 | 61.00 | NOTE | |||
r-oldrel-macos-x86_64 | 0.8.0 | 58.00 | NOTE | |||
r-oldrel-windows-ix86+x86_64 | 0.8.0 | 27.00 | 141.00 | 168.00 | OK |
Version: 0.8.0
Check: dependencies in R code
Result: NOTE
Namespaces in Imports field not imported from:
‘FactoMineR’ ‘flextable’ ‘htmlTable’ ‘stringr’
All declared Imports should be used.
Flavors: r-devel-linux-x86_64-fedora-clang, r-devel-linux-x86_64-fedora-gcc, r-release-macos-arm64, r-release-macos-x86_64, r-oldrel-macos-arm64, r-oldrel-macos-x86_64
Version: 0.8.0
Check: data for non-ASCII characters
Result: NOTE
Note: found 938 marked UTF-8 strings
Flavors: r-devel-linux-x86_64-fedora-clang, r-devel-linux-x86_64-fedora-gcc, r-release-macos-arm64, r-release-macos-x86_64, r-oldrel-macos-arm64, r-oldrel-macos-x86_64