CRAN Package Check Results for Package soc.ca

Last updated on 2023-02-04 00:51:06 CET.

Flavor Version Tinstall Tcheck Ttotal Status Flags
r-devel-linux-x86_64-debian-clang 0.8.0 10.16 117.11 127.27 OK
r-devel-linux-x86_64-debian-gcc 0.8.0 8.25 84.90 93.15 OK
r-devel-linux-x86_64-fedora-clang 0.8.0 154.40 NOTE
r-devel-linux-x86_64-fedora-gcc 0.8.0 146.05 NOTE
r-patched-linux-x86_64 0.8.0 19.12 109.85 128.97 OK
r-release-linux-x86_64 0.8.0 11.27 110.10 121.37 OK
r-release-macos-arm64 0.8.0 40.00 NOTE
r-release-macos-x86_64 0.8.0 78.00 NOTE
r-release-windows-x86_64 0.8.0 49.00 161.00 210.00 OK
r-oldrel-macos-arm64 0.8.0 61.00 NOTE
r-oldrel-macos-x86_64 0.8.0 58.00 NOTE
r-oldrel-windows-ix86+x86_64 0.8.0 25.00 148.00 173.00 OK

Check Details

Version: 0.8.0
Check: dependencies in R code
Result: NOTE
    Namespaces in Imports field not imported from:
     ‘FactoMineR’ ‘flextable’ ‘htmlTable’ ‘stringr’
     All declared Imports should be used.
Flavors: r-devel-linux-x86_64-fedora-clang, r-devel-linux-x86_64-fedora-gcc, r-release-macos-arm64, r-release-macos-x86_64, r-oldrel-macos-arm64, r-oldrel-macos-x86_64

Version: 0.8.0
Check: data for non-ASCII characters
Result: NOTE
     Note: found 938 marked UTF-8 strings
Flavors: r-devel-linux-x86_64-fedora-clang, r-devel-linux-x86_64-fedora-gcc, r-release-macos-arm64, r-release-macos-x86_64, r-oldrel-macos-arm64, r-oldrel-macos-x86_64