CRAN Package Check Results for Package soilDB

Last updated on 2021-09-21 01:50:37 CEST.

Flavor Version Tinstall Tcheck Ttotal Status Flags
r-devel-linux-x86_64-debian-clang 2.6.5 16.73 147.03 163.76 OK
r-devel-linux-x86_64-debian-gcc 2.6.5 14.75 107.25 122.00 OK
r-devel-linux-x86_64-fedora-clang 2.6.5 203.95 OK
r-devel-linux-x86_64-fedora-gcc 2.6.5 193.67 OK
r-devel-windows-x86_64 2.6.5 18.00 123.00 141.00 OK
r-devel-windows-x86_64-gcc10-UCRT 2.6.5 ERROR
r-patched-linux-x86_64 2.6.5 19.15 137.31 156.46 OK
r-patched-solaris-x86 2.6.5 253.30 OK
r-release-linux-x86_64 2.6.5 17.95 137.45 155.40 OK
r-release-macos-arm64 2.6.5 OK
r-release-macos-x86_64 2.6.5 OK
r-release-windows-ix86+x86_64 2.6.5 35.00 125.00 160.00 OK
r-oldrel-macos-x86_64 2.6.5 OK
r-oldrel-windows-ix86+x86_64 2.6.5 34.00 119.00 153.00 OK

Check Details

Version: 2.6.5
Check: whether package can be installed
Result: WARN
    Found the following significant warnings:
     WARNING: installation-time patches will not be applied, could not get the patches index
Flavor: r-devel-windows-x86_64-gcc10-UCRT

Version: 2.6.5
Check: PDF version of manual
Result: WARN
    LaTeX errors when creating PDF version.
    This typically indicates Rd problems.
Flavor: r-devel-windows-x86_64-gcc10-UCRT

Version: 2.6.5
Check: PDF version of manual without hyperrefs or index
Result: ERROR
    Re-running with no redirection of stdout/stderr.
Flavor: r-devel-windows-x86_64-gcc10-UCRT