CRAN Package Check Results for Package solitude

Last updated on 2021-11-30 01:50:35 CET.

Flavor Version Tinstall Tcheck Ttotal Status Flags
r-devel-linux-x86_64-debian-clang 1.1.3 3.16 31.13 34.29 OK
r-devel-linux-x86_64-debian-gcc 1.1.3 2.44 24.07 26.51 OK
r-devel-linux-x86_64-fedora-clang 1.1.3 51.21 NOTE
r-devel-linux-x86_64-fedora-gcc 1.1.3 41.58 NOTE
r-devel-windows-x86_64-new-UL 1.1.3 8.00 65.00 73.00 OK
r-devel-windows-x86_64-new-TK 1.1.3 NOTE
r-devel-windows-x86_64-old 1.1.3 6.00 38.00 44.00 OK
r-patched-linux-x86_64 1.1.3 3.43 29.63 33.06 OK
r-patched-solaris-x86 1.1.3 63.70 NOTE
r-release-linux-x86_64 1.1.3 3.62 29.23 32.85 OK
r-release-macos-arm64 1.1.3 NOTE
r-release-macos-x86_64 1.1.3 NOTE
r-release-windows-ix86+x86_64 1.1.3 7.00 36.00 43.00 OK
r-oldrel-macos-x86_64 1.1.3 NOTE
r-oldrel-windows-ix86+x86_64 1.1.3 6.00 36.00 42.00 OK

Check Details

Version: 1.1.3
Check: dependencies in R code
Result: NOTE
    Namespaces in Imports field not imported from:
     ‘R6’ ‘lgr’
     All declared Imports should be used.
Flavors: r-devel-linux-x86_64-fedora-clang, r-devel-linux-x86_64-fedora-gcc, r-devel-windows-x86_64-new-TK, r-patched-solaris-x86, r-release-macos-arm64, r-release-macos-x86_64, r-oldrel-macos-x86_64