CRAN Package Check Results for Package solrium

Last updated on 2021-10-23 03:28:59 CEST.

Flavor Version Tinstall Tcheck Ttotal Status Flags
r-devel-linux-x86_64-debian-clang 1.2.0 8.54 67.73 76.27 OK
r-devel-linux-x86_64-debian-gcc 1.2.0 6.17 50.78 56.95 OK
r-devel-linux-x86_64-fedora-clang 1.2.0 104.28 NOTE
r-devel-linux-x86_64-fedora-gcc 1.2.0 92.43 OK
r-devel-windows-x86_64 1.2.0 14.00 90.00 104.00 OK
r-devel-windows-x86_64-gcc10-UCRT 1.2.0 OK
r-patched-linux-x86_64 1.2.0 9.76 64.61 74.37 OK
r-patched-solaris-x86 1.2.0 127.30 OK
r-release-linux-x86_64 1.2.0 7.91 64.75 72.66 OK
r-release-macos-arm64 1.2.0 OK
r-release-macos-x86_64 1.2.0 OK
r-release-windows-ix86+x86_64 1.2.0 13.00 111.00 124.00 OK
r-oldrel-macos-x86_64 1.2.0 OK
r-oldrel-windows-ix86+x86_64 1.2.0 22.00 109.00 131.00 OK

Check Details

Version: 1.2.0
Check: Rd cross-references
Result: NOTE
    Undeclared package ‘XML’ in Rd xrefs
Flavor: r-devel-linux-x86_64-fedora-clang