CRAN Package Check Results for Package som

Last updated on 2021-09-24 22:53:09 CEST.

Flavor Version Tinstall Tcheck Ttotal Status Flags
r-devel-linux-x86_64-debian-clang 0.3-5.1 5.08 25.90 30.98 OK
r-devel-linux-x86_64-debian-gcc 0.3-5.1 3.43 20.59 24.02 OK
r-devel-linux-x86_64-fedora-clang 0.3-5.1 47.31 NOTE
r-devel-linux-x86_64-fedora-gcc 0.3-5.1 36.53 NOTE
r-devel-windows-x86_64 0.3-5.1 6.00 37.00 43.00 OK
r-devel-windows-x86_64-gcc10-UCRT 0.3-5.1 OK
r-patched-linux-x86_64 0.3-5.1 4.37 25.03 29.40 OK
r-patched-solaris-x86 0.3-5.1 57.90 OK
r-release-linux-x86_64 0.3-5.1 3.59 25.18 28.77 OK
r-release-macos-arm64 0.3-5.1 OK
r-release-macos-x86_64 0.3-5.1 OK
r-release-windows-ix86+x86_64 0.3-5.1 12.00 45.00 57.00 OK
r-oldrel-macos-x86_64 0.3-5.1 OK
r-oldrel-windows-ix86+x86_64 0.3-5.1 10.00 45.00 55.00 OK

Check Details

Version: 0.3-5.1
Check: compiled code
Result: NOTE
    File ‘som/libs/som.so’:
     Found no calls to: ‘R_registerRoutines’, ‘R_useDynamicSymbols’
    
    It is good practice to register native routines and to disable symbol
    search.
    
    See ‘Writing portable packages’ in the ‘Writing R Extensions’ manual.
Flavors: r-devel-linux-x86_64-fedora-clang, r-devel-linux-x86_64-fedora-gcc