CRAN Package Check Results for Package sommer

Last updated on 2021-04-20 01:47:21 CEST.

Flavor Version Tinstall Tcheck Ttotal Status Flags
r-devel-linux-x86_64-debian-clang 4.1.3 81.02 148.67 229.69 OK --no-vignettes
r-devel-linux-x86_64-debian-gcc 4.1.3 60.53 112.23 172.76 OK --no-vignettes
r-devel-linux-x86_64-fedora-clang 4.1.3 300.10 NOTE --no-vignettes
r-devel-linux-x86_64-fedora-gcc 4.1.3 288.90 OK --no-vignettes
r-devel-windows-ix86+x86_64 4.1.3 173.00 185.00 358.00 NOTE --no-vignettes
r-devel-windows-x86_64-gcc10-UCRT 4.1.3 OK
r-patched-linux-x86_64 4.1.3 69.93 137.53 207.46 OK --no-vignettes
r-patched-solaris-x86 4.1.3 307.70 NOTE --no-vignettes
r-release-linux-x86_64 4.1.3 67.50 138.07 205.57 OK --no-vignettes
r-release-macos-x86_64 4.1.3 NOTE
r-release-windows-ix86+x86_64 4.1.3 171.00 255.00 426.00 NOTE --no-vignettes
r-oldrel-macos-x86_64 4.1.3 FAIL
r-oldrel-windows-ix86+x86_64 4.1.3 107.00 232.00 339.00 NOTE --no-vignettes

Check Details

Version: 4.1.3
Flags: --no-vignettes
Check: installed package size
Result: NOTE
     installed size is 10.8Mb
     sub-directories of 1Mb or more:
     data 1.5Mb
     doc 2.2Mb
     libs 6.3Mb
Flavors: r-devel-linux-x86_64-fedora-clang, r-devel-windows-ix86+x86_64, r-patched-solaris-x86, r-release-windows-ix86+x86_64, r-oldrel-windows-ix86+x86_64

Version: 4.1.3
Check: installed package size
Result: NOTE
     installed size is 11.2Mb
     sub-directories of 1Mb or more:
     data 1.4Mb
     doc 2.2Mb
     libs 6.7Mb
Flavors: r-release-macos-x86_64, r-oldrel-macos-x86_64

Version: 4.1.3
Check: re-building of vignette outputs
Result: FAIL
Flavor: r-oldrel-macos-x86_64