CRAN Package Check Results for Package sonicscrewdriver

Last updated on 2020-04-09 01:53:27 CEST.

Flavor Version Tinstall Tcheck Ttotal Status Flags
r-devel-linux-x86_64-debian-clang 0.0.1 7.46 62.94 70.40 OK
r-devel-linux-x86_64-debian-gcc 0.0.1 5.52 47.61 53.13 OK
r-devel-linux-x86_64-fedora-clang 0.0.1 84.91 NOTE
r-devel-linux-x86_64-fedora-gcc 0.0.1 81.84 NOTE
r-devel-windows-ix86+x86_64 0.0.1 18.00 113.00 131.00 OK
r-devel-windows-ix86+x86_64-gcc8 0.0.1 18.00 77.00 95.00 OK
r-patched-linux-x86_64 0.0.1 7.51 59.62 67.13 OK
r-patched-solaris-x86 0.0.1 118.20 NOTE
r-release-linux-x86_64 0.0.1 5.33 54.72 60.05 OK
r-release-windows-ix86+x86_64 0.0.1 16.00 101.00 117.00 OK
r-release-osx-x86_64 0.0.1 NOTE
r-oldrel-windows-ix86+x86_64 0.0.1 15.00 68.00 83.00 OK
r-oldrel-osx-x86_64 0.0.1 NOTE

Check Details

Version: 0.0.1
Check: dependencies in R code
Result: NOTE
    Namespace in Imports field not imported from: ‘methods’
     All declared Imports should be used.
Flavors: r-devel-linux-x86_64-fedora-clang, r-devel-linux-x86_64-fedora-gcc, r-patched-solaris-x86, r-release-osx-x86_64, r-oldrel-osx-x86_64