CRAN Package Check Results for Package sourcetools

Last updated on 2022-12-04 01:53:24 CET.

Flavor Version Tinstall Tcheck Ttotal Status Flags
r-devel-linux-x86_64-debian-clang 0.1.7 5.11 25.15 30.26 NOTE
r-devel-linux-x86_64-debian-gcc 0.1.7 4.16 20.08 24.24 NOTE
r-devel-linux-x86_64-fedora-clang 0.1.7 55.74 NOTE
r-devel-linux-x86_64-fedora-gcc 0.1.7 49.79 NOTE
r-devel-windows-x86_64 0.1.7 345.00 66.00 411.00 NOTE
r-patched-linux-x86_64 0.1.7 5.39 24.85 30.24 NOTE
r-release-linux-x86_64 0.1.7 5.01 24.69 29.70 NOTE
r-release-macos-arm64 0.1.7 18.00 NOTE
r-release-macos-x86_64 0.1.7 25.00 NOTE
r-release-windows-x86_64 0.1.7 163.00 72.00 235.00 NOTE
r-oldrel-macos-arm64 0.1.7 22.00 NOTE
r-oldrel-macos-x86_64 0.1.7 32.00 NOTE
r-oldrel-windows-ix86+x86_64 0.1.7 30.00 68.00 98.00 NOTE

Additional issues

M1mac

Check Details

Version: 0.1.7
Check: LazyData
Result: NOTE
     'LazyData' is specified without a 'data' directory
Flavors: r-devel-linux-x86_64-debian-clang, r-devel-linux-x86_64-debian-gcc, r-devel-linux-x86_64-fedora-clang, r-devel-linux-x86_64-fedora-gcc, r-devel-windows-x86_64, r-patched-linux-x86_64, r-release-linux-x86_64, r-release-macos-arm64, r-release-macos-x86_64, r-release-windows-x86_64, r-oldrel-macos-arm64, r-oldrel-macos-x86_64, r-oldrel-windows-ix86+x86_64