CRAN Package Check Results for Package spData

Last updated on 2022-08-14 01:49:26 CEST.

Flavor Version Tinstall Tcheck Ttotal Status Flags
r-devel-linux-x86_64-debian-clang 2.0.1 31.65 276.04 307.69 NOTE
r-devel-linux-x86_64-debian-gcc 2.0.1 26.21 208.37 234.58 NOTE
r-devel-linux-x86_64-fedora-clang 2.0.1 405.35 NOTE
r-devel-linux-x86_64-fedora-gcc 2.0.1 393.59 NOTE
r-devel-windows-x86_64 2.0.1 58.00 280.00 338.00 NOTE
r-patched-linux-x86_64 2.0.1 30.16 270.75 300.91 NOTE
r-release-linux-x86_64 2.0.1 27.74 271.67 299.41 NOTE
r-release-macos-arm64 2.0.1 86.00 NOTE
r-release-macos-x86_64 2.0.1 110.00 NOTE
r-release-windows-x86_64 2.0.1 70.00 284.00 354.00 NOTE
r-oldrel-macos-arm64 2.0.1 86.00 NOTE
r-oldrel-macos-x86_64 2.0.1 100.00 NOTE
r-oldrel-windows-ix86+x86_64 2.0.1 64.00 281.00 345.00 NOTE

Check Details

Version: 2.0.1
Check: package dependencies
Result: NOTE
    Package suggested but not available for checking: 'spDataLarge'
Flavors: r-devel-linux-x86_64-debian-clang, r-devel-linux-x86_64-debian-gcc, r-devel-linux-x86_64-fedora-clang, r-devel-linux-x86_64-fedora-gcc, r-devel-windows-x86_64, r-patched-linux-x86_64, r-release-linux-x86_64, r-release-macos-arm64, r-release-macos-x86_64, r-release-windows-x86_64, r-oldrel-macos-arm64, r-oldrel-macos-x86_64, r-oldrel-windows-ix86+x86_64

Version: 2.0.1
Check: Rd files
Result: NOTE
    checkRd: (-1) columbus.Rd:21: Escaped LaTeX specials: \$
    checkRd: (-1) columbus.Rd:22: Escaped LaTeX specials: \$
Flavors: r-devel-linux-x86_64-debian-clang, r-devel-linux-x86_64-debian-gcc, r-devel-linux-x86_64-fedora-clang, r-devel-linux-x86_64-fedora-gcc, r-devel-windows-x86_64

Version: 2.0.1
Check: HTML version of manual
Result: NOTE
    Found the following HTML validation problems:
    boston.html:111:310: Warning: <a> illegal characters found in URI
Flavors: r-devel-linux-x86_64-debian-clang, r-devel-linux-x86_64-debian-gcc

Version: 2.0.1
Check: installed package size
Result: NOTE
     installed size is 6.5Mb
     sub-directories of 1Mb or more:
     data 2.6Mb
     shapes 3.2Mb
Flavors: r-devel-linux-x86_64-fedora-clang, r-devel-windows-x86_64, r-release-macos-arm64, r-release-macos-x86_64, r-release-windows-x86_64, r-oldrel-macos-arm64, r-oldrel-macos-x86_64, r-oldrel-windows-ix86+x86_64

Version: 2.0.1
Check: data for non-ASCII characters
Result: NOTE
     Note: found 56 marked UTF-8 strings
Flavors: r-devel-linux-x86_64-fedora-clang, r-devel-linux-x86_64-fedora-gcc, r-release-macos-arm64, r-release-macos-x86_64, r-oldrel-macos-arm64, r-oldrel-macos-x86_64