Last updated on 2023-01-30 01:53:46 CET.
Flavor | Version | Tinstall | Tcheck | Ttotal | Status | Flags |
---|---|---|---|---|---|---|
r-devel-linux-x86_64-debian-clang | 2.2.1 | 4.54 | 47.99 | 52.53 | NOTE | |
r-devel-linux-x86_64-debian-gcc | 2.2.1 | 4.77 | 37.22 | 41.99 | NOTE | |
r-devel-linux-x86_64-fedora-clang | 2.2.1 | 67.79 | NOTE | |||
r-devel-linux-x86_64-fedora-gcc | 2.2.1 | 68.88 | NOTE | |||
r-devel-windows-x86_64 | 2.2.1 | 66.00 | 98.00 | 164.00 | NOTE | |
r-patched-linux-x86_64 | 2.2.1 | 6.41 | 45.60 | 52.01 | NOTE | |
r-release-linux-x86_64 | 2.2.1 | 5.01 | 47.35 | 52.36 | NOTE | |
r-release-macos-arm64 | 2.2.1 | 33.00 | NOTE | |||
r-release-macos-x86_64 | 2.2.1 | 38.00 | NOTE | |||
r-release-windows-x86_64 | 2.2.1 | 49.00 | 96.00 | 145.00 | NOTE | |
r-oldrel-macos-arm64 | 2.2.1 | 34.00 | NOTE | |||
r-oldrel-macos-x86_64 | 2.2.1 | 43.00 | NOTE | |||
r-oldrel-windows-ix86+x86_64 | 2.2.1 | 12.00 | 82.00 | 94.00 | NOTE |
Version: 2.2.1
Check: package dependencies
Result: NOTE
Package suggested but not available for checking: ‘spDataLarge’
Flavors: r-devel-linux-x86_64-debian-clang, r-devel-linux-x86_64-debian-gcc, r-devel-linux-x86_64-fedora-clang, r-devel-linux-x86_64-fedora-gcc, r-devel-windows-x86_64, r-patched-linux-x86_64, r-release-linux-x86_64, r-release-macos-arm64, r-release-macos-x86_64, r-release-windows-x86_64, r-oldrel-macos-arm64, r-oldrel-macos-x86_64, r-oldrel-windows-ix86+x86_64
Version: 2.2.1
Check: installed package size
Result: NOTE
installed size is 6.6Mb
sub-directories of 1Mb or more:
data 2.6Mb
shapes 3.2Mb
Flavors: r-devel-linux-x86_64-fedora-clang, r-devel-windows-x86_64, r-release-macos-arm64, r-release-macos-x86_64, r-release-windows-x86_64, r-oldrel-macos-arm64, r-oldrel-macos-x86_64, r-oldrel-windows-ix86+x86_64
Version: 2.2.1
Check: data for non-ASCII characters
Result: NOTE
Note: found 56 marked UTF-8 strings
Flavors: r-devel-linux-x86_64-fedora-clang, r-devel-linux-x86_64-fedora-gcc, r-release-macos-arm64, r-release-macos-x86_64, r-oldrel-macos-arm64, r-oldrel-macos-x86_64