CRAN Package Check Results for Package spGARCH

Last updated on 2021-12-03 00:48:58 CET.

Flavor Version Tinstall Tcheck Ttotal Status Flags
r-devel-linux-x86_64-debian-clang 0.2.2 101.79 282.46 384.25 OK
r-devel-linux-x86_64-debian-gcc 0.2.2 79.16 208.31 287.47 OK
r-devel-linux-x86_64-fedora-clang 0.2.2 486.06 NOTE
r-devel-linux-x86_64-fedora-gcc 0.2.2 470.35 OK
r-devel-windows-x86_64-new-UL 0.2.2 128.00 368.00 496.00 OK
r-devel-windows-x86_64-new-TK 0.2.2 OK
r-devel-windows-x86_64-old 0.2.2 123.00 247.00 370.00 OK
r-patched-linux-x86_64 0.2.2 91.74 272.64 364.38 OK
r-patched-solaris-x86 0.2.2 531.00 OK
r-release-linux-x86_64 0.2.2 85.47 268.32 353.79 OK
r-release-macos-arm64 0.2.2 NOTE
r-release-macos-x86_64 0.2.2 NOTE
r-release-windows-ix86+x86_64 0.2.2 219.00 419.00 638.00 OK
r-oldrel-macos-x86_64 0.2.2 NOTE
r-oldrel-windows-ix86+x86_64 0.2.2 222.00 438.00 660.00 OK

Check Details

Version: 0.2.2
Check: installed package size
Result: NOTE
     installed size is 21.5Mb
     sub-directories of 1Mb or more:
     libs 21.2Mb
Flavors: r-devel-linux-x86_64-fedora-clang, r-release-macos-arm64, r-release-macos-x86_64, r-oldrel-macos-x86_64