CRAN Package Check Results for Package spNetwork

Last updated on 2022-09-28 02:51:13 CEST.

Flavor Version Tinstall Tcheck Ttotal Status Flags
r-devel-linux-x86_64-debian-clang 0.4.3.2 243.41 347.05 590.46 OK
r-devel-linux-x86_64-debian-gcc 0.4.3.2 194.22 249.26 443.48 OK
r-devel-linux-x86_64-fedora-clang 0.4.3.2 786.46 NOTE
r-devel-linux-x86_64-fedora-gcc 0.4.3.2 722.57 OK
r-devel-windows-x86_64 0.4.3.2 644.00 455.00 1099.00 NOTE
r-patched-linux-x86_64 0.4.3.2 208.29 306.68 514.97 OK
r-release-linux-x86_64 0.4.3.2 210.55 312.31 522.86 OK
r-release-macos-arm64 0.4.3.2 244.00 NOTE
r-release-macos-x86_64 0.4.3.2 304.00 NOTE
r-release-windows-x86_64 0.4.3.2 237.00 438.00 675.00 NOTE
r-oldrel-macos-arm64 0.4.3.2 260.00 NOTE
r-oldrel-macos-x86_64 0.4.3.2 330.00 NOTE
r-oldrel-windows-ix86+x86_64 0.4.3.2 576.00 663.00 1239.00 NOTE

Check Details

Version: 0.4.3.2
Check: installed package size
Result: NOTE
     installed size is 6.1Mb
     sub-directories of 1Mb or more:
     doc 1.1Mb
     extdata 2.6Mb
Flavors: r-devel-linux-x86_64-fedora-clang, r-devel-windows-x86_64, r-release-macos-arm64, r-release-macos-x86_64, r-release-windows-x86_64, r-oldrel-macos-arm64, r-oldrel-macos-x86_64, r-oldrel-windows-ix86+x86_64