Last updated on 2023-01-29 00:53:49 CET.
Flavor | Version | Tinstall | Tcheck | Ttotal | Status | Flags |
---|---|---|---|---|---|---|
r-devel-linux-x86_64-debian-clang | 0.5.2 | 106.85 | 309.90 | 416.75 | OK | |
r-devel-linux-x86_64-debian-gcc | 0.5.2 | 95.36 | 224.12 | 319.48 | OK | |
r-devel-linux-x86_64-fedora-clang | 0.5.2 | 546.82 | OK | |||
r-devel-linux-x86_64-fedora-gcc | 0.5.2 | 513.88 | OK | |||
r-patched-linux-x86_64 | 0.5.2 | 93.40 | 281.86 | 375.26 | OK | |
r-release-linux-x86_64 | 0.5.2 | 86.19 | 290.71 | 376.90 | OK | |
r-release-macos-arm64 | 0.5.2 | 91.00 | NOTE | |||
r-release-macos-x86_64 | 0.5.2 | 153.00 | OK | |||
r-release-windows-x86_64 | 0.5.2 | 296.00 | 328.00 | 624.00 | OK | |
r-oldrel-macos-arm64 | 0.5.2 | 109.00 | NOTE | |||
r-oldrel-macos-x86_64 | 0.5.2 | 153.00 | OK | |||
r-oldrel-windows-ix86+x86_64 | 0.5.2 | 209.00 | 423.00 | 632.00 | NOTE |
Version: 0.5.2
Check: installed package size
Result: NOTE
installed size is 5.2Mb
sub-directories of 1Mb or more:
R 2.0Mb
libs 2.1Mb
Flavors: r-release-macos-arm64, r-oldrel-macos-arm64, r-oldrel-windows-ix86+x86_64