CRAN Package Check Results for Package spaMM

Last updated on 2024-02-23 07:52:22 CET.

Flavor Version Tinstall Tcheck Ttotal Status Flags
r-devel-linux-x86_64-debian-clang 4.4.16 OK
r-devel-linux-x86_64-debian-gcc 4.4.16 190.30 305.99 496.29 OK
r-devel-linux-x86_64-fedora-clang 4.4.16 793.37 NOTE
r-devel-linux-x86_64-fedora-gcc 4.4.16 881.73 OK
r-devel-windows-x86_64 4.4.16 167.00 311.00 478.00 NOTE
r-patched-linux-x86_64 4.4.16 178.49 409.24 587.73 OK
r-release-linux-x86_64 4.4.16 161.69 412.07 573.76 OK
r-release-macos-arm64 4.4.16 200.00 NOTE
r-release-macos-x86_64 4.4.16 340.00 NOTE
r-release-windows-x86_64 4.4.16 219.00 412.00 631.00 NOTE
r-oldrel-macos-arm64 4.4.16 171.00 NOTE
r-oldrel-windows-x86_64 4.4.16 212.00 398.00 610.00 NOTE

Check Details

Version: 4.4.16
Check: installed package size
Result: NOTE installed size is 5.1Mb sub-directories of 1Mb or more: R 2.7Mb libs 1.0Mb Flavors: r-devel-linux-x86_64-fedora-clang, r-devel-windows-x86_64, r-release-macos-arm64, r-release-macos-x86_64, r-release-windows-x86_64, r-oldrel-macos-arm64, r-oldrel-windows-x86_64