CRAN Package Check Results for Package spaMM

Last updated on 2021-04-20 01:47:21 CEST.

Flavor Version Tinstall Tcheck Ttotal Status Flags
r-devel-linux-x86_64-debian-clang 3.7.34 210.79 270.78 481.57 OK
r-devel-linux-x86_64-debian-gcc 3.7.34 153.09 210.30 363.39 OK
r-devel-linux-x86_64-fedora-clang 3.7.34 613.15 NOTE
r-devel-linux-x86_64-fedora-gcc 3.7.34 601.41 OK
r-devel-windows-ix86+x86_64 3.7.34 398.00 278.00 676.00 NOTE
r-devel-windows-x86_64-gcc10-UCRT 3.7.34 OK
r-patched-linux-x86_64 3.7.34 187.40 248.02 435.42 OK
r-patched-solaris-x86 3.7.34 552.80 OK
r-release-linux-x86_64 3.7.34 193.54 250.46 444.00 OK
r-release-macos-x86_64 3.7.34 NOTE
r-release-windows-ix86+x86_64 3.7.34 393.00 314.00 707.00 NOTE
r-oldrel-macos-x86_64 3.7.34 NOTE
r-oldrel-windows-ix86+x86_64 3.7.34 249.00 349.00 598.00 NOTE

Check Details

Version: 3.7.34
Check: installed package size
Result: NOTE
     installed size is 37.3Mb
     sub-directories of 1Mb or more:
     R 1.9Mb
     libs 34.4Mb
Flavors: r-devel-linux-x86_64-fedora-clang, r-devel-windows-ix86+x86_64, r-release-macos-x86_64, r-release-windows-ix86+x86_64, r-oldrel-macos-x86_64, r-oldrel-windows-ix86+x86_64