CRAN Package Check Results for Package sparkavro

Last updated on 2021-07-24 01:50:17 CEST.

Flavor Version Tinstall Tcheck Ttotal Status Flags
r-devel-linux-x86_64-debian-clang 0.3.0 6.92 57.50 64.42 NOTE
r-devel-linux-x86_64-debian-gcc 0.3.0 4.84 43.18 48.02 NOTE
r-devel-linux-x86_64-fedora-clang 0.3.0 84.15 NOTE
r-devel-linux-x86_64-fedora-gcc 0.3.0 73.54 NOTE
r-devel-windows-x86_64 0.3.0 7.00 56.00 63.00 NOTE
r-devel-windows-x86_64-gcc10-UCRT 0.3.0 NOTE
r-patched-linux-x86_64 0.3.0 6.82 53.71 60.53 NOTE
r-patched-solaris-x86 0.3.0 105.70 NOTE
r-release-linux-x86_64 0.3.0 5.77 53.98 59.75 NOTE
r-release-macos-arm64 0.3.0 NOTE
r-release-macos-x86_64 0.3.0 NOTE
r-release-windows-ix86+x86_64 0.3.0 15.00 78.00 93.00 NOTE
r-oldrel-macos-x86_64 0.3.0 OK
r-oldrel-windows-ix86+x86_64 0.3.0 17.00 79.00 96.00 OK

Check Details

Version: 0.3.0
Check: LazyData
Result: NOTE
     'LazyData' is specified without a 'data' directory
Flavors: r-devel-linux-x86_64-debian-clang, r-devel-linux-x86_64-debian-gcc, r-devel-linux-x86_64-fedora-clang, r-devel-linux-x86_64-fedora-gcc, r-devel-windows-x86_64, r-devel-windows-x86_64-gcc10-UCRT, r-patched-linux-x86_64, r-patched-solaris-x86, r-release-linux-x86_64, r-release-macos-arm64, r-release-macos-x86_64, r-release-windows-ix86+x86_64