CRAN Package Check Results for Package sparklyr.flint

Last updated on 2021-07-27 01:51:03 CEST.

Flavor Version Tinstall Tcheck Ttotal Status Flags
r-devel-linux-x86_64-debian-clang 0.2.1 7.69 75.94 83.63 NOTE
r-devel-linux-x86_64-debian-gcc 0.2.1 5.94 57.82 63.76 NOTE
r-devel-linux-x86_64-fedora-clang 0.2.1 110.56 NOTE
r-devel-linux-x86_64-fedora-gcc 0.2.1 98.29 NOTE
r-devel-windows-x86_64 0.2.1 13.00 119.00 132.00 NOTE
r-devel-windows-x86_64-gcc10-UCRT 0.2.1 NOTE
r-patched-linux-x86_64 0.2.1 8.10 71.08 79.18 NOTE
r-patched-solaris-x86 0.2.1 145.90 NOTE
r-release-linux-x86_64 0.2.1 7.02 71.38 78.40 NOTE
r-release-macos-arm64 0.2.1 NOTE
r-release-macos-x86_64 0.2.1 NOTE
r-release-windows-ix86+x86_64 0.2.1 17.00 118.00 135.00 NOTE
r-oldrel-macos-x86_64 0.2.1 OK
r-oldrel-windows-ix86+x86_64 0.2.1 18.00 117.00 135.00 OK

Check Details

Version: 0.2.1
Check: LazyData
Result: NOTE
     'LazyData' is specified without a 'data' directory
Flavors: r-devel-linux-x86_64-debian-clang, r-devel-linux-x86_64-debian-gcc, r-devel-linux-x86_64-fedora-clang, r-devel-linux-x86_64-fedora-gcc, r-devel-windows-x86_64, r-devel-windows-x86_64-gcc10-UCRT, r-patched-linux-x86_64, r-patched-solaris-x86, r-release-linux-x86_64, r-release-macos-arm64, r-release-macos-x86_64, r-release-windows-ix86+x86_64