CRAN Package Check Results for Package sparklyr.nested

Last updated on 2021-07-24 01:50:17 CEST.

Flavor Version Tinstall Tcheck Ttotal Status Flags
r-devel-linux-x86_64-debian-clang 0.0.3 6.98 59.27 66.25 NOTE
r-devel-linux-x86_64-debian-gcc 0.0.3 5.78 44.15 49.93 NOTE
r-devel-linux-x86_64-fedora-clang 0.0.3 86.12 NOTE
r-devel-linux-x86_64-fedora-gcc 0.0.3 74.26 NOTE
r-devel-windows-x86_64 0.0.3 8.00 62.00 70.00 NOTE
r-devel-windows-x86_64-gcc10-UCRT 0.0.3 NOTE
r-patched-linux-x86_64 0.0.3 6.91 54.65 61.56 NOTE
r-patched-solaris-x86 0.0.3 108.40 NOTE
r-release-linux-x86_64 0.0.3 5.43 55.26 60.69 NOTE
r-release-macos-arm64 0.0.3 NOTE
r-release-macos-x86_64 0.0.3 NOTE
r-release-windows-ix86+x86_64 0.0.3 16.00 80.00 96.00 NOTE
r-oldrel-macos-x86_64 0.0.3 OK
r-oldrel-windows-ix86+x86_64 0.0.3 11.00 75.00 86.00 OK

Check Details

Version: 0.0.3
Check: LazyData
Result: NOTE
     'LazyData' is specified without a 'data' directory
Flavors: r-devel-linux-x86_64-debian-clang, r-devel-linux-x86_64-debian-gcc, r-devel-linux-x86_64-fedora-clang, r-devel-linux-x86_64-fedora-gcc, r-devel-windows-x86_64, r-devel-windows-x86_64-gcc10-UCRT, r-patched-linux-x86_64, r-patched-solaris-x86, r-release-linux-x86_64, r-release-macos-arm64, r-release-macos-x86_64, r-release-windows-ix86+x86_64