CRAN Package Check Results for Package sparkxgb

Last updated on 2021-07-24 01:50:17 CEST.

Flavor Version Tinstall Tcheck Ttotal Status Flags
r-devel-linux-x86_64-debian-clang 0.1.1 6.76 57.56 64.32 NOTE
r-devel-linux-x86_64-debian-gcc 0.1.1 6.14 43.52 49.66 NOTE
r-devel-linux-x86_64-fedora-clang 0.1.1 84.66 NOTE
r-devel-linux-x86_64-fedora-gcc 0.1.1 74.77 NOTE
r-devel-windows-x86_64 0.1.1 7.00 60.00 67.00 NOTE
r-devel-windows-x86_64-gcc10-UCRT 0.1.1 NOTE
r-patched-linux-x86_64 0.1.1 11.48 53.74 65.22 NOTE
r-patched-solaris-x86 0.1.1 107.80 NOTE
r-release-linux-x86_64 0.1.1 6.84 53.73 60.57 NOTE
r-release-macos-arm64 0.1.1 NOTE
r-release-macos-x86_64 0.1.1 NOTE
r-release-windows-ix86+x86_64 0.1.1 16.00 77.00 93.00 NOTE
r-oldrel-macos-x86_64 0.1.1 OK
r-oldrel-windows-ix86+x86_64 0.1.1 17.00 79.00 96.00 OK

Check Details

Version: 0.1.1
Check: LazyData
Result: NOTE
     'LazyData' is specified without a 'data' directory
Flavors: r-devel-linux-x86_64-debian-clang, r-devel-linux-x86_64-debian-gcc, r-devel-linux-x86_64-fedora-clang, r-devel-linux-x86_64-fedora-gcc, r-devel-windows-x86_64, r-devel-windows-x86_64-gcc10-UCRT, r-patched-linux-x86_64, r-patched-solaris-x86, r-release-linux-x86_64, r-release-macos-arm64, r-release-macos-x86_64, r-release-windows-ix86+x86_64