Last updated on 2023-02-05 01:54:34 CET.
Flavor | Version | Tinstall | Tcheck | Ttotal | Status | Flags |
---|---|---|---|---|---|---|
r-devel-linux-x86_64-debian-clang | 0.3.3.7 | 41.45 | 96.51 | 137.96 | NOTE | |
r-devel-linux-x86_64-debian-gcc | 0.3.3.7 | 30.57 | 73.27 | 103.84 | NOTE | |
r-devel-linux-x86_64-fedora-clang | 0.3.3.7 | 184.75 | NOTE | |||
r-devel-linux-x86_64-fedora-gcc | 0.3.3.7 | 183.31 | NOTE | |||
r-devel-windows-x86_64 | 0.3.3.7 | 99.00 | 178.00 | 277.00 | NOTE | |
r-patched-linux-x86_64 | 0.3.3.7 | 27.34 | 91.09 | 118.43 | OK | |
r-release-linux-x86_64 | 0.3.3.7 | 30.24 | 94.02 | 124.26 | OK | |
r-release-macos-arm64 | 0.3.3.7 | 53.00 | OK | |||
r-release-macos-x86_64 | 0.3.3.7 | 70.00 | OK | |||
r-release-windows-x86_64 | 0.3.3.7 | 109.00 | 185.00 | 294.00 | OK | |
r-oldrel-macos-arm64 | 0.3.3.7 | 51.00 | OK | |||
r-oldrel-macos-x86_64 | 0.3.3.7 | 75.00 | OK | |||
r-oldrel-windows-ix86+x86_64 | 0.3.3.7 | 97.00 | 170.00 | 267.00 | OK |
Version: 0.3.3.7
Check: C++ specification
Result: NOTE
Specified C++11: please update to current default of C++17
Flavors: r-devel-linux-x86_64-debian-clang, r-devel-linux-x86_64-debian-gcc, r-devel-linux-x86_64-fedora-clang, r-devel-linux-x86_64-fedora-gcc, r-devel-windows-x86_64