CRAN Package Check Results for Package sparsebnUtils

Last updated on 2023-02-05 01:54:34 CET.

Flavor Version Tinstall Tcheck Ttotal Status Flags
r-devel-linux-x86_64-debian-clang 0.0.8 3.90 62.28 66.18 NOTE
r-devel-linux-x86_64-debian-gcc 0.0.8 2.95 45.81 48.76 NOTE
r-devel-linux-x86_64-fedora-clang 0.0.8 82.17 NOTE
r-devel-linux-x86_64-fedora-gcc 0.0.8 80.71 NOTE
r-devel-windows-x86_64 0.0.8 102.00 86.00 188.00 OK
r-patched-linux-x86_64 0.0.8 6.13 59.42 65.55 NOTE
r-release-linux-x86_64 0.0.8 3.92 59.26 63.18 NOTE
r-release-macos-arm64 0.0.8 24.00 OK
r-release-macos-x86_64 0.0.8 40.00 NOTE
r-release-windows-x86_64 0.0.8 10.00 86.00 96.00 OK
r-oldrel-macos-arm64 0.0.8 35.00 NOTE
r-oldrel-macos-x86_64 0.0.8 47.00 OK
r-oldrel-windows-ix86+x86_64 0.0.8 8.00 81.00 89.00 OK

Check Details

Version: 0.0.8
Check: Rd cross-references
Result: NOTE
    Unknown package ‘sparsebn’ in Rd xrefs
Flavors: r-devel-linux-x86_64-debian-clang, r-devel-linux-x86_64-debian-gcc, r-devel-linux-x86_64-fedora-gcc, r-patched-linux-x86_64, r-release-linux-x86_64, r-release-macos-x86_64

Version: 0.0.8
Check: Rd cross-references
Result: NOTE
    Undeclared package ‘sparsebn’ in Rd xrefs
    Unknown package ‘sparsebn’ in Rd xrefs
Flavor: r-devel-linux-x86_64-fedora-clang

Version: 0.0.8
Check: package dependencies
Result: NOTE
    Package suggested but not available for checking: ‘RCy3’
Flavor: r-oldrel-macos-arm64

Version: 0.0.8
Check: Rd cross-references
Result: NOTE
    Package unavailable to check Rd xrefs: ‘RCy3’
Flavor: r-oldrel-macos-arm64