CRAN Package Check Results for Package sparseinv

Last updated on 2020-07-15 02:47:09 CEST.

Flavor Version Tinstall Tcheck Ttotal Status Flags
r-devel-linux-x86_64-debian-clang 0.1.3 27.26 78.78 106.04 OK
r-devel-linux-x86_64-debian-gcc 0.1.3 20.29 60.17 80.46 OK
r-devel-linux-x86_64-fedora-clang 0.1.3 142.49 OK
r-devel-linux-x86_64-fedora-gcc 0.1.3 152.25 OK
r-devel-windows-ix86+x86_64 0.1.3 75.00 117.00 192.00 OK
r-patched-linux-x86_64 0.1.3 19.31 77.10 96.41 OK
r-patched-solaris-x86 0.1.3 175.90 OK
r-release-linux-x86_64 0.1.3 21.40 76.94 98.34 OK
r-release-macos-x86_64 0.1.3 ERROR
r-release-windows-ix86+x86_64 0.1.3 74.00 125.00 199.00 OK
r-oldrel-macos-x86_64 0.1.3 OK
r-oldrel-windows-ix86+x86_64 0.1.3 75.00 148.00 223.00 OK

Check Details

Version: 0.1.3
Check: whether package can be installed
Result: ERROR
    Installation failed.
Flavor: r-release-macos-x86_64