CRAN Package Check Results for Package spass

Last updated on 2021-12-08 01:51:58 CET.

Flavor Version Tinstall Tcheck Ttotal Status Flags
r-devel-linux-x86_64-debian-clang 1.3 35.18 117.34 152.52 NOTE
r-devel-linux-x86_64-debian-gcc 1.3 20.70 87.95 108.65 NOTE
r-devel-linux-x86_64-fedora-clang 1.3 194.06 NOTE
r-devel-linux-x86_64-fedora-gcc 1.3 172.97 NOTE
r-devel-windows-x86_64-new-UL 1.3 47.00 174.00 221.00 NOTE
r-devel-windows-x86_64-new-TK 1.3 NOTE
r-devel-windows-x86_64-old 1.3 44.00 115.00 159.00 NOTE
r-patched-linux-x86_64 1.3 27.29 111.11 138.40 NOTE
r-release-linux-x86_64 1.3 22.76 110.92 133.68 NOTE
r-release-macos-arm64 1.3 NOTE
r-release-macos-x86_64 1.3 NOTE
r-release-windows-ix86+x86_64 1.3 58.00 182.00 240.00 NOTE
r-oldrel-macos-x86_64 1.3 OK
r-oldrel-windows-ix86+x86_64 1.3 74.00 194.00 268.00 OK

Check Details

Version: 1.3
Check: LazyData
Result: NOTE
     'LazyData' is specified without a 'data' directory
Flavors: r-devel-linux-x86_64-debian-clang, r-devel-linux-x86_64-debian-gcc, r-devel-linux-x86_64-fedora-clang, r-devel-linux-x86_64-fedora-gcc, r-devel-windows-x86_64-new-UL, r-devel-windows-x86_64-new-TK, r-devel-windows-x86_64-old, r-patched-linux-x86_64, r-release-linux-x86_64, r-release-macos-arm64, r-release-macos-x86_64, r-release-windows-ix86+x86_64