CRAN Package Check Results for Package spate

Last updated on 2020-09-22 02:17:33 CEST.

Flavor Version Tinstall Tcheck Ttotal Status Flags
r-devel-linux-x86_64-debian-clang 1.7 7.65 72.19 79.84 OK
r-devel-linux-x86_64-debian-gcc 1.7 5.27 52.86 58.13 OK
r-devel-linux-x86_64-fedora-clang 1.7 113.05 NOTE
r-devel-linux-x86_64-fedora-gcc 1.7 96.59 NOTE
r-devel-windows-ix86+x86_64 1.7 14.00 99.00 113.00 OK
r-patched-linux-x86_64 1.7 6.20 71.02 77.22 OK
r-patched-solaris-x86 1.7 135.00 OK
r-release-linux-x86_64 1.7 6.46 72.07 78.53 OK
r-release-macos-x86_64 1.7 OK
r-release-windows-ix86+x86_64 1.7 13.00 91.00 104.00 OK
r-oldrel-macos-x86_64 1.7 OK
r-oldrel-windows-ix86+x86_64 1.7 10.00 113.00 123.00 OK

Check Details

Version: 1.7
Check: compiled code
Result: NOTE
    File ‘spate/libs/spate.so’:
     Found no calls to: ‘R_registerRoutines’, ‘R_useDynamicSymbols’
    
    It is good practice to register native routines and to disable symbol
    search.
    
    See ‘Writing portable packages’ in the ‘Writing R Extensions’ manual.
Flavors: r-devel-linux-x86_64-fedora-clang, r-devel-linux-x86_64-fedora-gcc