Last updated on 2023-11-30 08:50:10 CET.
Flavor | Version | Tinstall | Tcheck | Ttotal | Status | Flags |
---|---|---|---|---|---|---|
r-devel-linux-x86_64-debian-clang | 0.1.2 | 3.28 | 128.35 | 131.63 | NOTE | |
r-devel-linux-x86_64-debian-gcc | 0.1.2 | 2.24 | 99.69 | 101.93 | NOTE | |
r-devel-linux-x86_64-fedora-clang | 0.1.2 | 162.44 | NOTE | |||
r-devel-linux-x86_64-fedora-gcc | 0.1.2 | 172.37 | NOTE | |||
r-devel-windows-x86_64 | 0.1.2 | 4.00 | 124.00 | 128.00 | NOTE | |
r-patched-linux-x86_64 | 0.1.2 | 3.58 | 131.11 | 134.69 | NOTE | |
r-release-linux-x86_64 | 0.1.2 | 2.42 | 132.32 | 134.74 | NOTE | |
r-release-macos-arm64 | 0.1.2 | 72.00 | NOTE | |||
r-release-macos-x86_64 | 0.1.2 | 104.00 | NOTE | |||
r-release-windows-x86_64 | 0.1.2 | 5.00 | 148.00 | 153.00 | NOTE | |
r-oldrel-macos-arm64 | 0.1.2 | 73.00 | NOTE | |||
r-oldrel-macos-x86_64 | 0.1.2 | 54.00 | ERROR | |||
r-oldrel-windows-x86_64 | 0.1.2 | 6.00 | 154.00 | 160.00 | NOTE |
Version: 0.1.2
Check: LazyData
Result: NOTE
'LazyData' is specified without a 'data' directory
Flavors: r-devel-linux-x86_64-debian-clang, r-devel-linux-x86_64-debian-gcc, r-devel-linux-x86_64-fedora-clang, r-devel-linux-x86_64-fedora-gcc, r-devel-windows-x86_64, r-patched-linux-x86_64, r-release-linux-x86_64, r-release-macos-arm64, r-release-macos-x86_64, r-release-windows-x86_64, r-oldrel-macos-arm64, r-oldrel-macos-x86_64, r-oldrel-windows-x86_64
Version: 0.1.2
Check: dependencies in R code
Result: NOTE
Namespaces in Imports field not imported from:
‘irlba’ ‘knitr’ ‘rmarkdown’
All declared Imports should be used.
Flavors: r-devel-linux-x86_64-fedora-clang, r-devel-linux-x86_64-fedora-gcc, r-oldrel-macos-arm64, r-oldrel-macos-x86_64
Version: 0.1.2
Check: re-building of vignette outputs
Result: ERROR
Error(s) in re-building vignettes:
...
--- re-building ‘vignette.rmd’ using rmarkdown
Execution halted
* checking PDF version of manual ...* using check arguments '--no-clean-on-error '
Flavor: r-oldrel-macos-x86_64