Last updated on 2021-01-20 00:48:32 CET.
Flavor | Version | Tinstall | Tcheck | Ttotal | Status | Flags |
---|---|---|---|---|---|---|
r-devel-linux-x86_64-debian-clang | 0.6-2 | 19.91 | 178.41 | 198.32 | NOTE | |
r-devel-linux-x86_64-debian-gcc | 0.6-2 | 18.28 | 135.62 | 153.90 | NOTE | |
r-devel-linux-x86_64-fedora-clang | 0.6-2 | 263.02 | OK | |||
r-devel-linux-x86_64-fedora-gcc | 0.6-2 | 245.87 | OK | |||
r-devel-windows-ix86+x86_64 | 0.6-2 | 36.00 | 184.00 | 220.00 | OK | |
r-patched-linux-x86_64 | 0.6-2 | 14.75 | 165.35 | 180.10 | NOTE | |
r-patched-solaris-x86 | 0.6-2 | 366.80 | NOTE | |||
r-release-linux-x86_64 | 0.6-2 | 14.66 | 164.14 | 178.80 | NOTE | |
r-release-macos-x86_64 | 0.6-2 | NOTE | ||||
r-release-windows-ix86+x86_64 | 0.6-2 | 44.00 | 160.00 | 204.00 | OK | |
r-oldrel-macos-x86_64 | 0.6-2 | NOTE | ||||
r-oldrel-windows-ix86+x86_64 | 0.6-2 | 33.00 | 150.00 | 183.00 | OK |
Version: 0.6-2
Check: package dependencies
Result: NOTE
Package suggested but not available for checking: 'INLA'
Flavors: r-devel-linux-x86_64-debian-clang, r-devel-linux-x86_64-debian-gcc, r-patched-linux-x86_64, r-patched-solaris-x86, r-release-linux-x86_64, r-release-macos-x86_64, r-oldrel-macos-x86_64