Last updated on 2023-02-06 00:52:44 CET.
Flavor | Version | Tinstall | Tcheck | Ttotal | Status | Flags |
---|---|---|---|---|---|---|
r-devel-linux-x86_64-debian-clang | 3.0-2 | 9.99 | 105.49 | 115.48 | NOTE | |
r-devel-linux-x86_64-debian-gcc | 3.0-2 | 10.69 | 78.84 | 89.53 | NOTE | |
r-devel-linux-x86_64-fedora-clang | 3.0-2 | 147.49 | NOTE | |||
r-devel-linux-x86_64-fedora-gcc | 3.0-2 | 145.98 | NOTE | |||
r-devel-windows-x86_64 | 3.0-2 | 25.00 | 135.00 | 160.00 | NOTE | |
r-patched-linux-x86_64 | 3.0-2 | 10.60 | 104.38 | 114.98 | NOTE | |
r-release-linux-x86_64 | 3.0-2 | 8.59 | 102.96 | 111.55 | NOTE | |
r-release-macos-arm64 | 3.0-2 | 47.00 | NOTE | |||
r-release-macos-x86_64 | 3.0-2 | 71.00 | NOTE | |||
r-release-windows-x86_64 | 3.0-2 | 22.00 | 138.00 | 160.00 | NOTE | |
r-oldrel-macos-arm64 | 3.0-2 | 47.00 | NOTE | |||
r-oldrel-macos-x86_64 | 3.0-2 | 66.00 | NOTE | |||
r-oldrel-windows-ix86+x86_64 | 3.0-2 | 31.00 | 187.00 | 218.00 | NOTE |
Version: 3.0-2
Check: package dependencies
Result: NOTE
Depends: includes the non-default packages:
'spatstat.data', 'spatstat.sparse', 'spatstat.geom',
'spatstat.random', 'spatstat.explore', 'spatstat.model',
'spatstat.linnet', 'spatstat'
Adding so many packages to the search path is excessive and importing
selectively is preferable.
Flavors: r-devel-linux-x86_64-debian-clang, r-devel-linux-x86_64-debian-gcc, r-devel-linux-x86_64-fedora-clang, r-devel-linux-x86_64-fedora-gcc, r-devel-windows-x86_64, r-patched-linux-x86_64, r-release-linux-x86_64, r-release-macos-arm64, r-release-macos-x86_64, r-release-windows-x86_64, r-oldrel-macos-arm64, r-oldrel-macos-x86_64, r-oldrel-windows-ix86+x86_64